NOAA-Style Climate Reports

Select a Year or Month report
2018: Jan Feb Mar Apr May Jun Jul Aug Sep Oct Nov Dec
2017: Jan Feb Mar Apr May Jun Jul Aug Sep Oct Nov Dec
2016: Jan Feb Mar Apr May Jun Jul Aug Sep Oct Nov Dec
2015: Jan Feb Mar Apr May Jun Jul Aug Sep Oct Nov Dec

Report for 2018 February
                   Monthly Climatological Summary for Feb 2018

Name: Gisborne West   City: Poverty Bay   State: New Zealand
Elevation: 23 m  Lat: S 38° 38' 56"   Lon: E 177° 59' 31"

                  Temperature (°C), Rain (mm), Wind Speed (km/h)

                                      Heat  Cool        Avg
    Mean                              Deg   Deg         Wind                 Dom
Day Temp  High   Time   Low    Time   Days  Days  Rain  Speed High   Time    Dir
----------------------------------------------------------------------------------
 1  24.0  30.5   14:45  17.6   03:05   0.0   5.8   0.0   9.4  46.4   16:07    NW
 2  21.8  29.5   13:49  19.3   08:46   0.0   3.5   9.0   5.1  28.1   17:12   ESE
 3  17.2  20.5   15:29  14.0   23:32   1.4   0.3   7.2   8.2  37.8   12:52   SSE
 4  17.9  24.1   16:15  10.9   06:18   2.0   1.6   2.7   4.8  27.0   16:27   NNE
 5  21.6  29.3   14:35  14.9   05:37   0.7   4.0   0.0   6.1  31.7   15:22    NW
 6  21.5  28.8   13:11  15.4   06:41   0.4   3.6   3.0   6.2  30.6   16:39    SE
 7  18.6  21.8   15:22  16.1   23:45   0.3   0.5   0.0   7.8  28.1   14:56     E
 8  18.1  21.2   16:01  15.7   22:07   0.6   0.4   0.9   7.1  28.1   13:58     E
 9  17.5  20.0   18:17  15.0   07:10   1.1   0.3  27.3   4.0  23.4   15:49   ESE
10  20.7  26.2   17:24  17.9   03:33   0.1   2.5  19.8   2.4  13.3   15:32    NW
11  24.5  30.3   14:58  20.4   02:56   0.0   6.2   0.0   4.9  29.5   19:20     N
12  24.8  30.6   17:08  21.1   05:34   0.0   6.5  24.3   2.6  18.4   18:58    NW
13  24.5  28.8   12:18  21.0   03:16   0.0   6.2   0.0   4.2  33.1   15:24    NW
14  24.2  32.6   14:12  20.1   22:33   0.0   5.9   0.0   5.6  35.6   16:15    NW
15  22.5  26.3   13:05  18.3   04:41   0.0   4.2   0.0   5.9  25.6   16:47    SE
16  24.0  31.0   15:08  16.5   06:35   0.1   5.8   0.0   4.9  24.5   22:05   WNW
17  24.5  30.4   15:24  18.0   06:21   0.0   6.3   0.0   9.7  35.6   12:10    NW
18  25.4  32.5   16:06  19.8   06:24   0.0   7.1   0.0   6.6  33.1   21:10   WNW
19  25.7  32.7   14:11  21.6   05:38   0.0   7.4   0.0   8.6  35.6   19:30   WNW
20  25.7  30.4   13:11  22.0   05:22   0.0   7.4   0.0   9.6  43.9   15:57    NW
21  24.4  29.9   14:35  17.9   23:56   0.0   6.1   0.0   9.8  34.2   05:34   WNW
22  19.0  27.2   14:22  13.6   06:57   1.1   1.8   3.0   6.0  36.7   16:03    SW
23  17.5  23.8   12:47  12.1   23:43   1.8   1.0   0.0   3.8  27.0   15:34   ESE
24  18.9  26.4   16:04  11.0   06:42   2.1   2.8   0.0   4.7  25.6   14:52    NE
25  21.6  28.2   14:27  14.2   05:49   0.9   4.2   0.0   8.3  42.8   14:51    NW
----------------------------------------------------------------------------------
    21.8  32.7    19    10.9     4    12.6 101.4  97.2   6.3  46.4     1      NW

Max >=  27.0: 16
Max <=   0.0:  0
Min <=   0.0:  0
Min <= -18.0:  0
Max Rain: 27.3 on day 9
Days of Rain: 9 (>= 0.2 mm)  8 (>= 2.0 mm)  2 (>= 20.0 mm)
Heat Base: 18.3  Cool Base: 18.3  Method: Integration