NOAA-Style Climate Reports

Select a Year or Month report
2019: Jan Feb Mar Apr May Jun Jul Aug Sep Oct Nov Dec
2018: Jan Feb Mar Apr May Jun Jul Aug Sep Oct Nov Dec
2017: Jan Feb Mar Apr May Jun Jul Aug Sep Oct Nov Dec
2016: Jan Feb Mar Apr May Jun Jul Aug Sep Oct Nov Dec
2015: Jan Feb Mar Apr May Jun Jul Aug Sep Oct Nov Dec

Report for 2015 April
                   Monthly Climatological Summary for Apr 2015

Name: Gisborne West   City: Poverty Bay   State: New Zealand
Elevation: 23 m  Lat: S 38° 38' 55"   Lon: E 177° 59' 31"

                  Temperature (°C), Rain (mm), Wind Speed (km/h)

                                      Heat  Cool        Avg
    Mean                              Deg   Deg         Wind                 Dom
Day Temp  High   Time   Low    Time   Days  Days  Rain  Speed High   Time    Dir
----------------------------------------------------------------------------------
 1  14.8  22.6   17:37   9.6   06:29   3.9   0.4   0.0   1.1  12.2   14:36   ESE
 2  17.1  27.2   14:48   8.1   07:37   3.3   2.1   0.0   3.4  22.0   15:58    NW
 3  18.3  27.5   13:37   9.3   07:28   2.5   2.5   0.0   2.3  15.8   16:30   NNW
 4  16.7  27.0   17:46   7.0   04:29   3.9   2.3   0.0   1.7  15.8   11:13   WSW
 5  17.4  21.8   10:42  13.2   06:02   1.4   0.4   0.0   2.2  17.3   02:03   SSE
 6  18.1  27.4   13:10  13.1   23:47   1.9   1.7   0.0   1.2  14.8   15:00   NNW
 7  19.4  26.9   13:24  11.6   06:00   1.8   2.8   0.0   4.6  28.1   14:13    NW
 8  21.3  28.8   12:23  15.8   03:46   0.3   3.3   1.2   5.1  27.0   16:47    NW
 9  18.0  20.9   09:37  15.3   23:29   0.8   0.5   6.3   3.2  19.4   14:57     W
10  17.9  27.5   13:33  14.9   05:51   1.5   1.1   2.4   1.1  20.9   14:34    NW
11  15.2  16.9   00:00   7.4   23:04   3.1   0.0   3.0   1.8  19.4   11:05     S
12  15.8  20.7   10:03   6.8   06:40   3.3   0.8   0.0   3.4  23.4   10:49   WNW
13  19.9  19.9   00:00  19.9   00:00   0.0   1.6   0.0   3.6   7.2   00:00     W
14  19.9  19.9   00:00  19.9   00:00   8.0   0.9   0.0   2.1   7.2   00:00     W
20  15.7  27.8   14:36   7.0   06:35   4.5   1.9   0.0   1.9  14.8   14:43   NNW
21  16.7  26.6   13:16   8.7   06:44   3.3   1.7   0.0   1.1  13.3   15:43     E
22  17.2  25.4   10:50  12.9   06:22   2.1   1.0   0.9   2.2  20.9   15:23    SE
23  14.8  17.1   08:11  12.9   06:53   3.5   0.0  12.6   2.2  18.4   12:08   ESE
24  14.4  20.1   10:44  11.4   23:57   3.9   0.0   0.9   1.0  15.8   12:24     E
25  13.5  22.0   14:25   7.7   02:36   5.1   0.3   0.6   1.7  15.8   14:05   NNW
26  14.0  23.9   13:25   4.5   06:51   5.2   0.9   0.0   2.3  19.4   11:45    NW
27  17.8  22.5   12:23  13.8   04:33   1.3   0.9   0.3   5.2  31.7   23:21   NNW
28  18.4  23.9   11:16  10.9   22:47   1.4   1.5   0.9   8.6  49.0   02:09   WNW
29  14.3  20.6   12:41   7.8   04:45   4.2   0.2   0.0   5.3  29.5   13:18   WNW
30  11.9  17.3   15:54   5.5   21:24   6.4   0.0   2.4   3.6  25.6   13:46   SSW
----------------------------------------------------------------------------------
    16.7  28.8     8     4.5    26    76.6  28.8  31.5   2.9  49.0    28     WNW

Max >=  27.0:  7
Max <=   0.0:  0
Min <=   0.0:  0
Min <= -18.0:  0
Max Rain: 12.6 on day 23
Days of Rain: 11 (>= 0.2 mm)  5 (>= 2.0 mm)  0 (>= 20.0 mm)
Heat Base: 18.3  Cool Base: 18.3  Method: Integration