NOAA-Style Climate Reports

Select a Year or Month report
2019: Jan Feb Mar Apr May Jun Jul Aug Sep Oct Nov Dec
2018: Jan Feb Mar Apr May Jun Jul Aug Sep Oct Nov Dec
2017: Jan Feb Mar Apr May Jun Jul Aug Sep Oct Nov Dec
2016: Jan Feb Mar Apr May Jun Jul Aug Sep Oct Nov Dec
2015: Jan Feb Mar Apr May Jun Jul Aug Sep Oct Nov Dec

Report for 2016 March
                   Monthly Climatological Summary for Mar 2016

Name: Gisborne West   City: Poverty Bay   State: New Zealand
Elevation: 23 m  Lat: S 38° 38' 55"   Lon: E 177° 59' 31"

                  Temperature (°C), Rain (mm), Wind Speed (km/h)

                                      Heat  Cool        Avg
    Mean                              Deg   Deg         Wind                 Dom
Day Temp  High   Time   Low    Time   Days  Days  Rain  Speed High   Time    Dir
----------------------------------------------------------------------------------
 1  15.8  17.5   13:36  14.4   23:50   2.5   0.0   9.6   6.4  25.6   06:52   ESE
 2  16.0  20.2   12:51  14.1   06:25   2.4   0.1   5.4   5.1  29.5   13:29   SSE
 3  16.7  21.2   18:02  13.8   04:29   2.1   0.5   0.0   2.6  15.8   11:32     N
 4  19.6  29.2   15:41  12.1   02:24   2.0   3.3   0.0   4.4  28.1   10:11    NW
 5  21.8  29.9   15:32  14.2   07:04   0.8   4.4   0.0   6.8  31.7   21:30    NW
 6  22.2  29.0   11:21  16.9   23:07   0.1   4.0   0.0   6.5  23.4   12:23   NNW
 7  22.4  29.8   12:01  16.7   23:57   0.2   4.3   0.0   5.2  25.6   14:28   NNE
 8  23.9  34.2   13:36  16.1   02:13   0.4   5.9   0.0   5.8  29.5   10:21   WNW
 9  18.7  21.6   14:52  16.6   01:57   0.3   0.8   0.6   4.3  23.4   06:13     E
10  21.7  28.5   15:44  13.9   03:26   0.9   4.3   0.0  10.5  50.0   15:28    NW
11  17.4  22.0   02:37  13.3   19:58   1.6   0.8   0.0   9.7  41.8   01:08     S
12  15.3  20.1   16:39   9.0   23:53   3.2   0.1   0.0   7.5  30.6   06:09    SE
13  14.7  24.3   12:31   6.3   07:03   4.9   1.3   0.0   3.6  23.4   15:50   ENE
14  16.2  23.7   11:23   9.4   07:04   3.2   1.1   3.0   2.5  17.3   13:40     N
15  19.8  27.1   14:33  14.9   06:58   1.0   2.6   1.8   4.4  24.5   11:57   WNW
16  18.3  20.4   13:34  15.1   22:59   0.6   0.6   1.2   4.6  25.6   18:23    SE
17  15.5  17.9   14:08  13.9   07:55   2.8   0.0  12.3   3.8  17.3   15:54    SE
18  18.7  21.1   10:40  15.0   03:01   1.2   1.6   0.0   0.8   7.2   10:27     E
19  21.1  21.1   00:00  21.1   00:00   0.0   2.8   0.0   1.1   2.5   00:00   ENE
20  21.1  21.1   00:00  21.1   00:00   0.0   2.8   0.0   1.1   2.5   00:00   ENE
21  21.1  21.1   00:00  21.1   00:00   0.0   2.8   0.0   1.1   2.5   00:00   ENE
22  19.5  26.0   12:53  13.2   07:09   0.9   2.1   0.6   3.4  30.6   16:42     N
23  20.4  24.6   12:25  16.9   05:27   0.2   2.2   1.2   6.9  37.8   17:06   NNE
24  21.1  24.3   11:20  18.9   23:03   0.0   2.8   7.2   8.4  45.4   02:23     N
25  19.9  26.2   12:51  18.0   20:47   0.0   1.6  29.7   3.9  25.6   21:12   SSE
26  18.0  20.5   16:15  16.3   23:50   0.6   0.3   0.3   6.2  25.6   12:41    SE
27  19.1  26.1   14:10  14.9   06:50   1.4   2.2   0.0   2.8  23.4   14:52   ESE
28  18.8  27.4   13:52  13.2   07:27   1.7   2.3   0.3   3.4  23.4   14:43     N
29  18.5  26.1   16:13  13.2   04:40   1.9   2.1   0.0   3.3  19.4   13:52   NNE
30  17.3  22.5   12:55  12.7   23:58   1.8   0.8   0.0   6.5  34.2   14:46    SE
31  15.2  23.0   12:23   9.3   06:56   3.8   0.7   0.0   3.4  22.0   15:04    NE
----------------------------------------------------------------------------------
    18.9  34.2     8     6.3    13    42.5  61.2  73.2   4.7  50.0    10      NE

Max >=  27.0:  8
Max <=   0.0:  0
Min <=   0.0:  0
Min <= -18.0:  0
Max Rain: 29.7 on day 25
Days of Rain: 13 (>= 0.2 mm)  6 (>= 2.0 mm)  1 (>= 20.0 mm)
Heat Base: 18.3  Cool Base: 18.3  Method: Integration