NOAA-Style Climate Reports

Select a Year or Month report
2019: Jan Feb Mar Apr May Jun Jul Aug Sep Oct Nov Dec
2018: Jan Feb Mar Apr May Jun Jul Aug Sep Oct Nov Dec
2017: Jan Feb Mar Apr May Jun Jul Aug Sep Oct Nov Dec
2016: Jan Feb Mar Apr May Jun Jul Aug Sep Oct Nov Dec
2015: Jan Feb Mar Apr May Jun Jul Aug Sep Oct Nov Dec

Report for 2016 April
                   Monthly Climatological Summary for Apr 2016

Name: Gisborne West   City: Poverty Bay   State: New Zealand
Elevation: 23 m  Lat: S 38° 38' 55"   Lon: E 177° 59' 31"

                  Temperature (°C), Rain (mm), Wind Speed (km/h)

                                      Heat  Cool        Avg
    Mean                              Deg   Deg         Wind                 Dom
Day Temp  High   Time   Low    Time   Days  Days  Rain  Speed High   Time    Dir
----------------------------------------------------------------------------------
 1  14.3  16.3   23:43  14.3   00:00   4.0   0.0   0.0   1.1   3.6   00:00     N
 2  17.7  23.9   13:28  14.5   07:20   1.4   0.8  12.6   1.2  12.2   14:11    NW
 3  20.5  27.5   12:32  15.7   02:54   0.7   3.0   0.3   6.1  35.6   16:08   WNW
 4  18.0  27.0   09:50  13.8   23:53   1.4   1.1   6.9   5.6  31.7   11:56    SE
 5  13.8  18.9   14:28   9.1   23:58   4.5   0.0  31.8   5.7  34.2   13:15   SSE
 6  12.9  20.3   12:33   8.6   02:17   5.5   0.1   0.6   3.4  27.0   13:16   WSW
 7  15.1  24.5   13:35   7.1   06:26   4.4   1.2   0.3   3.7  15.8   15:16   NNW
 8  17.6  24.7   15:21  10.9   01:42   1.8   1.1   0.0   6.6  31.7   11:09   WNW
 9  16.3  17.8   12:40  15.3   08:05   2.0   0.0   5.7   2.6  17.3   11:13    SE
10  18.8  20.1   11:18  16.7   04:30   0.4   0.9   3.6   2.1  23.4   08:49   ENE
11  20.0  20.0   00:00  20.0   00:00   0.0   1.7   0.0   0.0   1.1   00:00   ---
12  20.2  25.0   14:56  16.1   06:19   0.3   2.2   0.0   9.9  39.2   13:39    NW
13  17.5  19.9   01:31  15.3   21:12   1.0   0.2   0.0   7.3  35.6   20:59    SE
14  15.1  22.1   14:00   8.1   23:09   3.7   0.5   0.0   3.6  20.9   00:08   ESE
15  13.1  21.0   10:47   6.1   05:27   5.6   0.5   0.3   2.9  19.4   14:18   ESE
16  14.1  24.6   14:03   7.6   02:17   5.1   0.9   0.3   2.7  15.8   13:16   NNW
17  14.4  23.3   12:42   8.2   06:32   4.4   0.4   6.3   1.0   8.6   09:18    NW
18  15.9  17.5   15:44  14.5   22:58   2.3   0.0  22.2   5.0  28.1   12:43     S
19  14.2  22.2   10:50   8.5   23:06   4.4   0.3   0.6   2.9  22.0   00:33    SE
20  13.8  24.3   12:30   7.5   06:18   5.5   1.0   0.3   3.0  17.3   13:49   NNW
21  11.0  15.9   15:56   7.5   06:09   7.3   0.0   1.2   1.1  12.2   14:10    NW
22  12.7  21.7   12:40   7.3   06:30   6.0   0.4   0.3   2.5  15.8   14:49   NNW
23  15.2  23.0   14:32   7.5   03:35   4.1   1.0   0.3   6.3  33.1   11:10    NW
24  16.2  20.6   13:17  11.5   23:59   2.1   0.1   1.2   5.1  27.0   01:46    NW
25  13.4  23.4   11:50   7.4   06:35   5.3   0.3   0.3   3.6  31.7   12:45     S
26  14.1  24.0   12:18   7.0   07:05   5.1   0.9   0.3   3.9  28.1   13:42     S
27  13.8  24.8   12:55   7.7   06:17   5.1   0.7   0.0   2.6  17.3   14:02     N
28  13.5  23.9   12:25   7.0   06:25   5.6   0.8   0.3   2.2  15.8   14:17   NNW
29  14.1  23.8   11:30   8.2   00:14   5.1   0.9   0.3   2.9  20.9   09:59   WNW
30  13.0  17.6   13:21   8.1   00:45   5.3   0.0   0.0   4.9  27.0   16:54    SE
----------------------------------------------------------------------------------
    15.3  27.5     3     6.1    15   109.4  21.0  96.0   3.7  39.2    12       W

Max >=  27.0:  2
Max <=   0.0:  0
Min <=   0.0:  0
Min <= -18.0:  0
Max Rain: 31.8 on day 5
Days of Rain: 22 (>= 0.2 mm)  7 (>= 2.0 mm)  2 (>= 20.0 mm)
Heat Base: 18.3  Cool Base: 18.3  Method: Integration