NOAA-Style Climate Reports

Select a Year or Month report
2019: Jan Feb Mar Apr May Jun Jul Aug Sep Oct Nov Dec
2018: Jan Feb Mar Apr May Jun Jul Aug Sep Oct Nov Dec
2017: Jan Feb Mar Apr May Jun Jul Aug Sep Oct Nov Dec
2016: Jan Feb Mar Apr May Jun Jul Aug Sep Oct Nov Dec
2015: Jan Feb Mar Apr May Jun Jul Aug Sep Oct Nov Dec

Report for 2016 May
                   Monthly Climatological Summary for May 2016

Name: Gisborne West   City: Poverty Bay   State: New Zealand
Elevation: 23 m  Lat: S 38° 38' 55"   Lon: E 177° 59' 31"

                  Temperature (°C), Rain (mm), Wind Speed (km/h)

                                      Heat  Cool        Avg
    Mean                              Deg   Deg         Wind                 Dom
Day Temp  High   Time   Low    Time   Days  Days  Rain  Speed High   Time    Dir
----------------------------------------------------------------------------------
 1  14.6  21.4   14:02   7.1   07:03   4.2   0.5   0.0   4.6  30.6   14:42    NW
 2  17.1  23.9   12:00   8.7   06:51   2.4   1.3   0.0   6.0  39.2   12:38    NW
 3  19.5  25.5   14:48  16.5   03:49   0.6   1.8   0.0  10.2  35.6   04:56    NW
 4  18.4  25.2   15:15  12.0   06:36   1.5   1.6   0.0   6.2  28.1   12:45    NW
 5  19.4  24.5   13:29  15.4   23:59   0.6   1.6   0.6   8.8  41.8   10:37   WNW
 6  17.1  24.5   10:02  13.1   04:06   2.2   0.9   0.0   3.6  19.4   14:20    SE
 7  15.8  26.3   12:54  11.0   06:58   3.1   0.5   0.3   2.6  19.4   14:00   ESE
 8  17.4  24.9   11:39  12.5   07:27   1.8   1.0   0.0   2.8  22.0   14:00   WNW
 9  18.6  25.9   15:33  11.6   23:41   1.5   1.7   0.0   5.6  30.6   10:41    NW
10  15.2  24.3   13:29  10.2   05:21   3.7   0.5   0.0   2.4  15.8   08:50    NW
11  18.8  23.4   14:48  12.0   00:23   0.9   1.5   0.0   6.4  40.3   14:18    NW
12  20.4  24.2   13:14  15.9   23:00   0.3   2.4   0.0   9.4  37.8   12:48   WNW
13  19.6  23.9   13:56  16.7   00:00   0.4   1.7   0.0  12.1  42.8   15:52    NW
14  18.5  24.1   14:00  14.1   22:45   1.2   1.4   0.0   8.6  31.7   09:59    NW
15  16.7  25.1   13:50   9.8   05:44   3.0   1.4   0.0   4.8  25.6   00:41    NW
16  16.6  22.4   13:20  10.5   04:08   2.4   0.7   1.5   7.8  41.8   13:14    NW
17  11.7  15.8   13:52   4.3   22:54   6.6   0.0   0.0   6.0  33.1   12:16    SW
18  10.9  18.2   15:28   3.9   03:12   7.4   0.0   0.3   6.3  40.3   14:33    NW
19  16.1  20.6   11:36  12.5   22:07   2.6   0.3   0.0  10.5  39.2   02:12   WNW
20  16.8  21.3   12:24  11.5   04:23   2.0   0.5   0.0   7.9  33.1   11:12    NW
21  15.1  20.3   13:15  11.2   22:12   3.4   0.2   6.3   5.8  36.7   00:51    NW
22  12.8  19.8   13:40   8.2   07:25   5.6   0.0   3.3   4.9  36.7   00:00   WNW
25  11.6  11.6   00:07  10.9   00:00   3.2   0.0   0.0   7.2  19.4   00:00   WNW
26  11.6  11.6   00:00  11.6   00:00   6.7   0.0   0.0   7.2  13.3   00:00   WNW
27  11.6  11.6   00:00  11.6   00:00   6.7   0.0   0.0   7.2  13.3   00:00   WNW
28  11.6  11.6   00:00  11.6   00:00   6.7   0.0   0.0   7.2  13.3   00:00   WNW
29  14.0  21.6   11:31  11.4   23:57   4.8   0.5  15.3   7.2  42.8   10:56   WNW
30  11.8  19.7   10:47   8.3   05:23   6.5   0.0   0.3   2.7  17.3   12:03   WNW
31   8.6   8.6   00:00   7.8   23:54   9.7   0.0   0.0   0.0   9.7   23:47   WNW
----------------------------------------------------------------------------------
    15.4  26.3     7     3.9    18   101.7  22.0  27.9   6.3  42.8    13     WNW

Max >=  27.0:  0
Max <=   0.0:  0
Min <=   0.0:  0
Min <= -18.0:  0
Max Rain: 15.3 on day 29
Days of Rain: 8 (>= 0.2 mm)  3 (>= 2.0 mm)  0 (>= 20.0 mm)
Heat Base: 18.3  Cool Base: 18.3  Method: Integration