NOAA-Style Climate Reports

Select a Year or Month report
2019: Jan Feb Mar Apr May Jun Jul Aug Sep Oct Nov Dec
2018: Jan Feb Mar Apr May Jun Jul Aug Sep Oct Nov Dec
2017: Jan Feb Mar Apr May Jun Jul Aug Sep Oct Nov Dec
2016: Jan Feb Mar Apr May Jun Jul Aug Sep Oct Nov Dec
2015: Jan Feb Mar Apr May Jun Jul Aug Sep Oct Nov Dec

Report for 2016 August
                   Monthly Climatological Summary for Aug 2016

Name: Gisborne West   City: Poverty Bay   State: New Zealand
Elevation: 23 m  Lat: S 38° 38' 56"   Lon: E 177° 59' 31"

                  Temperature (°C), Rain (mm), Wind Speed (km/h)

                                      Heat  Cool        Avg
    Mean                              Deg   Deg         Wind                 Dom
Day Temp  High   Time   Low    Time   Days  Days  Rain  Speed High   Time    Dir
----------------------------------------------------------------------------------
 1  11.4  17.3   14:14   6.5   00:00   6.9   0.0   0.0   7.5  37.8   13:21    NW
 2   9.0  14.9   14:13   2.7   23:56   9.3   0.0   1.8   5.2  45.4   07:39     S
 3  10.3  16.5   16:07   1.8   01:11   8.0   0.0   0.0   7.6  39.2   14:15    NW
 4  12.5  16.6   12:25   9.1   23:59   5.8   0.0   0.3   4.8  25.6   12:32     W
 5   9.4  14.2   13:45   7.4   07:11   8.9   0.0   8.4   5.0  35.6   20:10    SE
 6   9.6  17.1   12:37   4.1   06:09   8.7   0.0  13.5   8.7  64.8   20:10    SE
 7   7.8   9.8   15:39   3.7   23:18  10.5   0.0  34.5  18.3  62.3   03:10   SSE
 8   6.1  10.9   11:49   3.4   02:36  12.2   0.0   0.0   5.1  28.1   12:17   WSW
 9   7.6  13.3   12:10   4.1   06:08  10.7   0.0   2.7   3.9  25.6   13:33    SW
10   9.3  13.8   15:50   5.8   01:29   9.0   0.0   5.7   4.4  20.9   11:20   ENE
11  11.0  15.2   12:49   5.3   22:46   7.3   0.0   1.2   6.7  29.5   09:02   ENE
12  10.0  18.5   13:10   3.3   06:24   8.3   0.0   0.6   3.0  20.9   12:20   NNW
13  11.0  17.3   13:59   6.9   05:34   7.3   0.0   0.0   2.9  24.5   15:56    NW
14   9.6  19.1   13:11   3.4   06:16   8.7   0.0   0.0   3.2  20.9   14:46   NNW
15   8.9  20.0   11:42   2.5   06:45   9.5   0.0   0.0   3.4  25.6   14:36    SE
16   9.3  16.5   11:13   4.2   01:04   9.0   0.0   0.3   3.8  25.6   13:48   SSE
17   9.3  16.1   12:02   3.2   06:19   9.0   0.0   0.0   3.4  35.6   08:41   SSE
18  10.4  15.9   10:56   6.6   06:53   7.9   0.0   0.0   5.9  25.6   16:28    SE
19  10.3  15.0   11:20   6.9   06:47   8.0   0.0   1.2   4.5  24.5   12:28    SE
20  10.3  16.5   09:48   6.2   23:13   8.0   0.0   1.5   4.1  27.0   13:12   ENE
21   9.2  15.3   10:47   5.4   01:19   9.1   0.0   1.2   2.1  14.8   14:21   WSW
22  10.1  18.4   13:04   3.0   06:15   8.2   0.0   0.3   5.3  23.4   14:29    NW
23  11.6  19.0   10:31   5.5   06:54   6.7   0.0   0.0   4.9  31.7   13:05    SE
24   8.9  15.8   11:13   3.3   06:26   9.4   0.0   2.4   3.1  19.4   12:25     E
25  11.1  12.7   15:59   8.4   00:15   7.2   0.0   6.3   2.1  12.2   02:20   SSW
26  15.9  22.2   11:34   9.3   06:59   3.2   0.8   0.0   9.6  41.8   12:14   WNW
27  14.2  18.0   14:08   8.8   23:57   4.1   0.0   1.5  13.2  52.6   02:38   WNW
28  11.5  20.3   14:19   5.7   06:34   6.9   0.1   0.0   3.8  19.4   15:01   NNW
29   7.3   9.1   23:56   3.9   03:52  11.0   0.0  16.5   1.8  13.3   09:43    NW
30  11.9  16.6   13:18   7.7   05:43   6.4   0.0   0.3   4.4  22.0   18:42   SSE
31  10.7  16.2   12:51   4.5   23:40   7.6   0.0   0.0   3.5  24.5   14:08    SE
----------------------------------------------------------------------------------
    10.2  22.2    26     1.8     3   252.8   0.9 100.2   5.3  64.8     6     SSW

Max >=  27.0:  0
Max <=   0.0:  0
Min <=   0.0:  0
Min <= -18.0:  0
Max Rain: 34.5 on day 7
Days of Rain: 19 (>= 0.2 mm)  8 (>= 2.0 mm)  1 (>= 20.0 mm)
Heat Base: 18.3  Cool Base: 18.3  Method: Integration