NOAA-Style Climate Reports

Select a Year or Month report
2019: Jan Feb Mar Apr May Jun Jul Aug Sep Oct Nov Dec
2018: Jan Feb Mar Apr May Jun Jul Aug Sep Oct Nov Dec
2017: Jan Feb Mar Apr May Jun Jul Aug Sep Oct Nov Dec
2016: Jan Feb Mar Apr May Jun Jul Aug Sep Oct Nov Dec
2015: Jan Feb Mar Apr May Jun Jul Aug Sep Oct Nov Dec

Report for 2017 April
                   Monthly Climatological Summary for Apr 2017

Name: Gisborne West   City: Poverty Bay   State: New Zealand
Elevation: 23 m  Lat: S 38° 38' 56"   Lon: E 177° 59' 31"

                  Temperature (°C), Rain (mm), Wind Speed (km/h)

                                      Heat  Cool        Avg
    Mean                              Deg   Deg         Wind                 Dom
Day Temp  High   Time   Low    Time   Days  Days  Rain  Speed High   Time    Dir
----------------------------------------------------------------------------------
 1  19.8  27.2   17:02  14.1   05:39   1.2   2.7   0.3   4.2  22.0   14:35    NW
 2  22.6  30.8   15:45  18.0   02:14   0.0   4.5   0.0   8.5  31.7   11:41   WNW
 3  19.8  25.4   09:45  16.1   06:36   0.2   1.8   0.0   5.2  33.1   14:16    SE
 4  15.6  18.0   10:37  14.3   15:02   2.7   0.0  65.7  11.2  49.0   12:18    SE
 5  17.1  20.7   23:46  14.1   02:23   1.5   0.3  13.8   4.8  41.8   00:28   WNW
 6  18.8  22.0   12:57  13.5   23:32   0.7   1.2   3.9   9.5  40.3   09:20   WNW
 7  14.9  20.1   09:58   9.9   06:25   3.5   0.1   0.0   5.8  30.6   16:00   SSE
 8  14.1  17.3   12:04  12.0   00:23   4.2   0.0   0.0   4.3  34.2   12:26    SW
 9  14.3  20.7   10:59  10.4   02:31   4.2   0.1   0.6   2.2  14.8   08:16    NW
10  16.0  23.0   11:09  12.4   05:37   2.9   0.6   1.5   1.9  18.4   15:58   NNE
11  18.2  23.7   13:03  12.6   05:28   1.6   1.6   0.0   3.4  25.6   15:51     N
12  18.8  22.8   10:59  15.1   06:40   0.7   1.2   0.6   1.9  22.0   16:59   NNW
13  18.4  20.6   23:12  16.9   06:10   0.4   0.5  67.2   8.8  66.2   16:22    NE
14  19.7  26.0   13:46  13.7   23:16   1.0   2.4   0.0   5.8  30.6   09:44    NW
15  18.2  23.9   12:43  12.6   02:34   1.8   1.6   0.0   7.0  39.2   13:44   WNW
16  17.1  25.1   14:54   9.4   06:45   2.8   1.6   0.9   2.8  19.4   12:06    NW
17  15.0  23.4   13:57  10.8   23:14   3.7   0.4  10.8   3.4  35.6   16:34   WNW
18  14.3  19.9   10:05  11.0   00:00   4.0   0.0   4.8   4.8  31.7   13:53     S
19  14.9  22.5   13:23  10.3   06:44   3.8   0.4   0.6   2.7  18.4   13:29   NNW
20  12.4  17.9   14:38   7.9   06:27   5.9   0.0   0.6   4.7  31.7   12:45    SW
21  12.6  20.2   12:48   6.9   23:08   5.7   0.0   0.0   3.1  15.8   09:28     W
22  12.0  20.1   11:25   5.5   06:02   6.5   0.2   0.0   2.4  20.9   14:56   ESE
23  13.7  22.6   11:07   7.9   06:30   4.9   0.3   0.0   1.7  11.2   09:15     S
24  14.2  19.0   12:33  10.0   02:25   4.1   0.0   0.6   3.3  23.4   16:01    SE
25  15.0  21.1   14:40  11.3   07:03   3.5   0.2   6.9   3.7  30.6   10:54    SE
26  14.5  23.5   12:46  10.1   05:28   4.5   0.7   0.0   2.9  15.8   15:00   NNW
27  13.9  23.8   12:28   8.6   04:43   5.1   0.6   0.3   2.9  18.4   10:00     W
28  15.5  22.9   14:21   7.5   05:54   3.8   1.0   0.3   6.6  31.7   13:06    NW
29  18.4  23.5   09:58  15.1   02:01   0.9   1.0   0.0   5.0  27.0   11:21   WNW
30  16.6  21.7   13:26  12.0   21:03   2.0   0.3   3.0   3.4  29.5   12:40    NW
----------------------------------------------------------------------------------
    16.2  30.8     2     5.5    22    87.8  25.3 182.4   4.6  66.2    13     WNW

Max >=  27.0:  2
Max <=   0.0:  0
Min <=   0.0:  0
Min <= -18.0:  0
Max Rain: 67.2 on day 13
Days of Rain: 18 (>= 0.2 mm)  8 (>= 2.0 mm)  2 (>= 20.0 mm)
Heat Base: 18.3  Cool Base: 18.3  Method: Integration