NOAA-Style Climate Reports

Select a Year or Month report
2019: Jan Feb Mar Apr May Jun Jul Aug Sep Oct Nov Dec
2018: Jan Feb Mar Apr May Jun Jul Aug Sep Oct Nov Dec
2017: Jan Feb Mar Apr May Jun Jul Aug Sep Oct Nov Dec
2016: Jan Feb Mar Apr May Jun Jul Aug Sep Oct Nov Dec
2015: Jan Feb Mar Apr May Jun Jul Aug Sep Oct Nov Dec

Report for 2017 August
                   Monthly Climatological Summary for Aug 2017

Name: Gisborne West   City: Poverty Bay   State: New Zealand
Elevation: 23 m  Lat: S 38° 38' 56"   Lon: E 177° 59' 31"

                  Temperature (°C), Rain (mm), Wind Speed (km/h)

                                      Heat  Cool        Avg
    Mean                              Deg   Deg         Wind                 Dom
Day Temp  High   Time   Low    Time   Days  Days  Rain  Speed High   Time    Dir
----------------------------------------------------------------------------------
 1   9.5  16.1   15:08   1.9   00:08   8.8   0.0   1.2   5.3  24.5   17:06    NW
 2  10.1  11.8   13:53   8.4   23:56   8.2   0.0   6.6   3.0  17.3   14:58   SSE
 3   9.1  13.2   11:32   6.0   23:35   9.2   0.0   0.6   5.7  31.7   11:34   SSE
 4   8.1  13.6   12:05   3.0   06:30  10.2   0.0   2.7   3.6  19.4   14:18   WSW
 5   9.0  17.6   11:56   3.5   23:38   9.3   0.0   2.4   2.4  19.4   14:28     N
 6   9.3  17.0   12:15   1.9   06:22   9.0   0.0   0.3   3.9  22.0   13:06    NW
 7  13.1  23.9   15:41   7.7   07:15   5.7   0.5   1.2   1.9  14.8   00:46   WNW
 8  13.2  21.3   12:57   6.2   04:22   5.2   0.1   0.0   4.4  27.0   13:02    NW
 9  15.9  18.0   11:09  13.7   07:10   2.4   0.0   0.0   4.9  33.1   02:13   NNW
10  14.4  19.8   12:00  10.4   20:36   3.9   0.0   0.6   6.0  31.7   10:24   WNW
11  13.3  19.1   15:15   6.4   07:12   5.1   0.1   0.0   4.8  25.6   11:31   WNW
12  14.0  19.2   15:53   9.6   00:19   4.4   0.0   0.0   8.1  46.4   11:25    NW
13  14.4  19.3   15:11  11.2   00:09   4.0   0.0   0.0  10.4  40.3   11:14    NW
14  13.3  20.3   13:07   9.7   22:49   5.2   0.2   0.6   4.6  34.2   14:28    NW
15  12.1  16.8   15:44   8.3   05:07   6.2   0.0   0.3   9.2  42.8   14:14   WNW
16  12.8  18.0   15:13   9.4   03:04   5.5   0.0   0.0   8.5  36.7   09:50   WNW
17  14.3  19.1   11:39   8.3   06:38   4.0   0.0   0.0   6.7  42.8   13:28    NW
18  12.5  23.6   13:42   6.1   07:08   6.1   0.3   0.0   3.7  23.4   14:44     N
19  10.5  17.4   12:12   4.7   03:07   7.8   0.0   7.8   3.3  22.0   11:01    NW
20  13.1  15.5   08:47   7.3   06:39   5.2   0.0   0.3   4.4  17.3   08:38    NW
21  15.5  16.3   23:40  15.5   00:00   2.8   0.0   0.0   6.1  11.2   23:10    NW
22  16.0  22.8   09:10   5.4   22:46   3.3   1.0   0.0   4.2  17.3   11:40   WNW
23   9.4  18.3   13:09   4.3   06:44   8.9   0.0   0.0   3.5  19.4   09:17     N
24  10.3  19.7   12:17   2.9   06:09   8.1   0.0   0.0   3.5  22.0   16:49     N
25   9.9  19.8   11:37   3.5   06:38   8.4   0.0   0.0   2.6  18.4   16:12   NNW
26  10.8  20.8   14:11   3.5   06:44   7.5   0.1   0.3   2.8  15.8   14:39   NNW
27  11.7  20.3   13:32   3.2   06:07   6.7   0.1   0.0   6.0  39.2   16:27     N
28  16.1  20.3   13:32  13.2   01:05   2.5   0.2   2.4  10.1  41.8   11:37     N
29  15.8  24.3   14:16  10.4   22:36   3.3   0.9   6.0   4.2  24.5   14:36   WNW
30  12.8  20.1   11:09   7.5   05:31   5.6   0.0   0.6   3.2  18.4   12:38   ESE
31  13.1  21.2   12:13   9.4   04:52   5.4   0.1   2.1   2.5  23.4   13:59    NE
----------------------------------------------------------------------------------
    12.4  24.3    29     1.9     1   187.9   3.6  36.0   5.0  46.4    12      NW

Max >=  27.0:  0
Max <=   0.0:  0
Min <=   0.0:  0
Min <= -18.0:  0
Max Rain: 7.8 on day 19
Days of Rain: 17 (>= 0.2 mm)  7 (>= 2.0 mm)  0 (>= 20.0 mm)
Heat Base: 18.3  Cool Base: 18.3  Method: Integration