NOAA-Style Climate Reports

Select a Year or Month report
2019: Jan Feb Mar Apr May Jun Jul Aug Sep Oct Nov Dec
2018: Jan Feb Mar Apr May Jun Jul Aug Sep Oct Nov Dec
2017: Jan Feb Mar Apr May Jun Jul Aug Sep Oct Nov Dec
2016: Jan Feb Mar Apr May Jun Jul Aug Sep Oct Nov Dec
2015: Jan Feb Mar Apr May Jun Jul Aug Sep Oct Nov Dec

Report for 2017 September
                   Monthly Climatological Summary for Sep 2017

Name: Gisborne West   City: Poverty Bay   State: New Zealand
Elevation: 23 m  Lat: S 38° 38' 56"   Lon: E 177° 59' 31"

                  Temperature (°C), Rain (mm), Wind Speed (km/h)

                                      Heat  Cool        Avg
    Mean                              Deg   Deg         Wind                 Dom
Day Temp  High   Time   Low    Time   Days  Days  Rain  Speed High   Time    Dir
----------------------------------------------------------------------------------
 1  11.7  15.0   12:21   9.4   06:38   6.6   0.0   3.0   4.0  25.6   14:03    SE
 2  11.6  13.2   12:24  10.2   17:55   6.7   0.0  25.2   8.6  36.7   13:57    SE
 3  10.9  12.2   14:06   9.9   20:23   7.4   0.0  28.5  10.0  50.0   06:24   SSE
 4  11.1  15.4   11:19   8.2   23:48   7.2   0.0   0.6   4.1  23.4   12:18     S
 5  12.2  21.0   14:58   4.2   05:45   6.2   0.2   0.0   5.7  33.1   21:36    NW
 6  16.5  21.1   11:29  13.8   00:09   2.1   0.4   0.3  11.5  50.0   16:17    NW
 7  15.4  20.0   13:01  10.3   22:36   3.1   0.1   0.0  11.9  45.4   12:25   WNW
 8  13.3  17.8   13:17   9.3   04:38   5.0   0.0   0.0  12.3  40.3   05:52   WNW
 9  13.6  19.4   11:16   7.5   23:58   4.8   0.0   3.6  12.6  55.1   10:52   WNW
10   9.7  15.7   13:21   5.4   05:15   8.6   0.0   0.0   8.9  40.3   12:04   WNW
11   8.8  15.8   12:52   3.8   04:52   9.5   0.0   0.3   5.5  24.5   11:43     W
12  10.6  17.8   14:15   2.9   06:11   7.7   0.0   0.0   7.1  37.8   12:41   WNW
13  13.9  21.5   14:58   6.7   06:14   4.7   0.4   0.0   7.2  30.6   14:00   WNW
14  17.8  26.5   14:23  12.2   21:11   2.3   1.8   0.0   7.7  29.5   02:18    NW
15  18.5  26.0   13:09  11.4   06:18   1.6   1.9   0.0   9.3  47.9   22:49    NW
16  16.1  20.8   12:57  11.2   23:44   2.5   0.3   0.0  10.1  41.8   13:27   WNW
17  13.6  18.6   15:35   7.4   04:38   4.7   0.0   0.3   7.2  40.3   14:54    NW
18  12.4  17.5   13:34   5.8   23:27   5.9   0.0   2.7   9.5  39.2   11:22    NW
19   9.3  16.6   15:28   4.3   02:41   9.0   0.0   1.8   4.0  34.2   13:37     S
20  10.7  18.1   10:52   5.4   05:28   7.6   0.0   0.3   4.0  20.9   14:42     E
21  11.7  19.9   11:46   4.0   02:56   6.6   0.0   1.5   3.1  27.0   19:29     N
22  12.8  18.9   10:14   7.3   06:07   5.5   0.0   0.0   5.0  28.1   13:45   ESE
23  13.3  17.9   15:36   8.9   23:57   5.0   0.0   4.8   4.7  24.5   02:35   ESE
24  14.3  24.3   15:49   6.1   04:14   4.9   1.0   0.0   2.5  17.3   09:57    NW
25  17.0  22.9   14:37  11.9   02:58   2.2   0.9   0.0  13.2  43.9   14:03    NW
26  19.0  22.3   13:18  16.6   00:00   0.4   1.1   2.7  15.7  58.7   14:29    NW
27  14.9  18.3   01:16  11.7   22:33   3.4   0.0   6.0   4.3  41.8   02:24    NW
28  12.8  16.2   13:11   9.4   23:59   5.5   0.0  17.1   5.6  34.2   07:08     S
29  13.0  19.2   13:42   6.5   06:16   5.3   0.0   0.0   5.8  31.7   15:08    NW
30  12.8  20.8   12:42   7.7   05:02   5.5   0.0   0.3   3.7  22.0   15:13   NNW
----------------------------------------------------------------------------------
    13.3  26.5    14     2.9    12   157.5   8.1  99.0   7.5  58.7    26     WNW

Max >=  27.0:  0
Max <=   0.0:  0
Min <=   0.0:  0
Min <= -18.0:  0
Max Rain: 28.5 on day 3
Days of Rain: 17 (>= 0.2 mm)  9 (>= 2.0 mm)  2 (>= 20.0 mm)
Heat Base: 18.3  Cool Base: 18.3  Method: Integration