NOAA-Style Climate Reports

Select a Year or Month report
2019: Jan Feb Mar Apr May Jun Jul Aug Sep Oct Nov Dec
2018: Jan Feb Mar Apr May Jun Jul Aug Sep Oct Nov Dec
2017: Jan Feb Mar Apr May Jun Jul Aug Sep Oct Nov Dec
2016: Jan Feb Mar Apr May Jun Jul Aug Sep Oct Nov Dec
2015: Jan Feb Mar Apr May Jun Jul Aug Sep Oct Nov Dec

Report for 2018 May
                   Monthly Climatological Summary for May 2018

Name: Gisborne West   City: Poverty Bay   State: New Zealand
Elevation: 23 m  Lat: S 38° 38' 56"   Lon: E 177° 59' 31"

                  Temperature (°C), Rain (mm), Wind Speed (km/h)

                                      Heat  Cool        Avg
    Mean                              Deg   Deg         Wind                 Dom
Day Temp  High   Time   Low    Time   Days  Days  Rain  Speed High   Time    Dir
----------------------------------------------------------------------------------
 1  16.2  24.3   10:14  13.9   02:59   2.4   0.3   0.0   4.3  28.1   12:19    SE
 2  15.0  17.5   10:38  12.5   23:31   3.3   0.0   0.9  11.4  41.8   12:52   SSE
 3  13.6  15.6   12:19  11.9   07:38   4.7   0.0   0.0   5.6  31.7   00:03   SSE
 4  13.7  16.9   12:37  12.0   04:05   4.6   0.0   0.0   2.0  15.8   12:45     S
 5  15.2  22.1   14:40   9.7   07:14   3.6   0.5   0.0   3.6  22.0   23:59    NW
 6  16.6  20.9   15:55  12.8   23:01   2.1   0.3   0.0   7.4  34.2   10:29    NW
 7  15.3  24.1   15:08   9.2   23:54   4.0   1.0   0.0   4.0  22.0   01:38     W
 8  13.3  25.1   15:12   5.8   06:36   6.0   1.0   0.0   2.3  17.3   09:03    NW
 9  14.6  26.5   13:02   7.3   07:18   4.9   1.2   0.0   2.7  17.3   09:42   NNW
10  14.6  24.6   13:29   8.0   06:49   4.4   0.7   0.0   2.7  14.8   09:04    NW
11  16.7  22.8   13:22  10.4   06:03   2.4   0.8   0.0   5.4  42.8   14:30    NW
12  18.1  25.0   11:28  13.6   21:17   1.4   1.2  12.9   6.5  35.6   02:17   WNW
13  16.0  22.6   11:33  13.3   00:38   2.5   0.2   9.3   1.9  17.3   20:31   NNW
14  15.8  18.6   12:30  14.7   05:17   2.6   0.0   5.4   1.7  25.6   14:02     E
15  15.1  15.1   00:00  15.1   00:00   3.2   0.0   0.0   2.5   3.6   00:00     N
16  15.1  15.1   00:00  15.1   00:00   3.2   0.0   0.0   2.5   3.6   00:00     N
17  15.1  15.1   00:00  15.1   00:00   3.2   0.0   0.0   2.5   3.6   00:00     N
18  15.1  15.1   00:00  15.1   00:00   3.2   0.0   0.0   2.5   3.6   00:00     N
19  15.1  15.1   00:00  15.1   00:00   3.2   0.0   0.0   2.5   3.6   00:00     N
20  15.1  15.2   19:03  15.1   00:00   3.3   0.0   9.3   4.1  33.1   22:37    NW
21  15.2  15.2   00:00  15.2   00:00   3.1   0.0   0.6   9.7  41.8   01:23   WNW
22  15.2  15.2   00:00  15.2   00:00   3.1   0.0   0.0   6.1   9.7   00:00    NW
23  15.2  15.2   00:00  15.2   00:00   3.1   0.0   4.5   6.1  47.9   04:01   WSW
24  15.2  15.2   00:00  15.2   00:00   3.1   0.0   0.0  ----  28.1   00:00   WSW
25  15.2  15.2   00:00  15.2   00:00   3.1   0.0   0.0  ----  28.1   00:00   WSW
26  15.2  15.2   00:00  15.2   00:00   3.1   0.0   0.0  ----  28.1   00:00   WSW
27  13.1  15.2   00:00   7.7   21:50   5.2   0.0   1.5  ----  28.1   00:00   WSW
28   8.6  12.5   14:11   6.8   18:12   9.7   0.0  20.1  ----  45.4   19:35   SSW
29   9.2  13.8   12:51   6.0   04:28   9.1   0.0   6.6  ----  33.1   11:03    SW
30   9.3  13.3   14:45   6.6   02:23   9.0   0.0   0.0  ----  29.5   12:22     W
31  10.0  17.4   13:22   4.8   07:26   8.3   0.0   0.0  ----  17.3   09:55   WNW
----------------------------------------------------------------------------------
    14.4  26.5     9     4.8    31   128.1   7.2  71.1   4.3  47.9    23     WNW

Max >=  27.0:  0
Max <=   0.0:  0
Min <=   0.0:  0
Min <= -18.0:  0
Max Rain: 20.1 on day 28
Days of Rain: 10 (>= 0.2 mm)  7 (>= 2.0 mm)  1 (>= 20.0 mm)
Heat Base: 18.3  Cool Base: 18.3  Method: Integration