NOAA-Style Climate Reports

Select a Year or Month report
2019: Jan Feb Mar Apr May Jun Jul Aug Sep Oct Nov Dec
2018: Jan Feb Mar Apr May Jun Jul Aug Sep Oct Nov Dec
2017: Jan Feb Mar Apr May Jun Jul Aug Sep Oct Nov Dec
2016: Jan Feb Mar Apr May Jun Jul Aug Sep Oct Nov Dec
2015: Jan Feb Mar Apr May Jun Jul Aug Sep Oct Nov Dec

Report for 2018 June
                   Monthly Climatological Summary for Jun 2018

Name: Gisborne West   City: Poverty Bay   State: New Zealand
Elevation: 23 m  Lat: S 38° 38' 56"   Lon: E 177° 59' 31"

                  Temperature (°C), Rain (mm), Wind Speed (km/h)

                                      Heat  Cool        Avg
    Mean                              Deg   Deg         Wind                 Dom
Day Temp  High   Time   Low    Time   Days  Days  Rain  Speed High   Time    Dir
----------------------------------------------------------------------------------
 1   9.3  18.4   12:32   3.7   06:06   9.0   0.0   0.0   1.9  15.8   14:13     N
 2   9.8  19.0   15:37   5.0   06:25   8.5   0.0   0.9   1.1  15.8   14:26    NE
 3  12.4  17.3   12:26   8.3   02:46   5.9   0.0  12.9   3.5  29.5   19:01    NE
 4  14.8  18.3   13:02  13.5   23:50   3.5   0.0  54.3   4.5  34.2   01:59    NE
 5  13.3  16.0   10:11   8.8   23:18   5.0   0.0   8.4   3.3  27.0   15:37     S
 6   9.5  17.4   12:07   4.7   06:11   8.8   0.0  13.5   4.9  41.8   23:47     S
 7   8.6  13.1   13:49   7.1   19:27   9.7   0.0  30.0   9.4  40.3   04:37     S
 8  11.3  14.3   12:25   7.3   00:00   7.0   0.0  11.4   8.8  42.8   05:55   SSE
 9  10.9  19.6   14:43   5.0   07:39   7.5   0.0   0.0   3.0  14.8   14:27    NW
10   8.0  15.3   15:03   3.1   07:37  10.3   0.0   0.0   1.0  12.2   13:15    NW
11  10.9  14.7   13:53   5.0   00:10   7.4   0.0  56.1  10.4  64.8   23:13   ESE
12  14.3  17.1   14:27  12.4   00:44   4.0   0.0  71.4  13.7  79.6   05:19    NE
13  14.9  20.1   13:25  10.2   22:16   3.6   0.1   0.0   5.7  31.7   15:23    NW
14  14.1  22.2   12:35   7.9   22:41   4.5   0.3   0.0   4.2  22.0   05:34    NW
15   9.9  18.2   15:56   5.2   06:55   8.4   0.0   0.3   2.2  19.4   10:53    NW
16  14.2  20.9   13:52   9.4   07:45   4.4   0.3   0.0   4.9  25.6   13:31   WNW
17  13.3  20.1   13:04   8.2   22:42   5.2   0.1   1.2   5.6  27.0   12:44   WNW
18  12.9  21.5   13:12   8.1   00:18   5.5   0.0   1.8   4.0  29.5   18:26    NW
19  12.2  16.6   12:30   8.8   23:59   6.1   0.0   5.4   4.4  28.1   13:27   WSW
20  10.0  11.8   18:03   7.0   06:40   8.3   0.0   6.9   6.5  31.7   03:01     E
21  11.5  12.9   10:34   9.1   07:32   6.8   0.0   4.2  12.5  31.7   10:19   ESE
22  12.2  12.2   00:00  12.2   00:00   6.1   0.0   0.0  14.8  18.4   00:00   ESE
23   8.2  14.1   03:51   0.0   07:53  10.2   0.0  12.6   7.9  31.7   23:38    SW
24  12.9  20.3   17:08   8.9   00:38   5.5   0.1   6.3   9.1  31.7   00:08    SW
25  12.8  17.2   13:27   7.0   22:49   5.5   0.0   0.0   9.9  35.6   05:18   WNW
26   7.8  13.4   12:03   5.5   03:33  10.5   0.0   2.7   7.5  36.7   12:17   WNW
27   8.5  13.1   15:47   5.9   21:20   9.8   0.0   0.0   6.6  28.1   14:05    SW
28   7.4   7.4   00:00   7.4   00:00  10.9   0.0   0.0   1.1   5.0   00:00    NW
29   7.4   7.4   00:00   7.4   00:00  10.9   0.0   0.0   1.1   5.0   00:00    NW
30   7.4   7.4   00:00   7.4   00:00  10.9   0.0   0.0   1.1   5.0   00:00    NW
----------------------------------------------------------------------------------
    11.0  22.2    14     0.0    23   219.7   0.9 300.3   5.8  79.6    12       S

Max >=  27.0:  0
Max <=   0.0:  0
Min <=   0.0:  1
Min <= -18.0:  0
Max Rain: 71.4 on day 12
Days of Rain: 18 (>= 0.2 mm)  14 (>= 2.0 mm)  4 (>= 20.0 mm)
Heat Base: 18.3  Cool Base: 18.3  Method: Integration