NOAA-Style Climate Reports

Select a Year or Month report
2019: Jan Feb Mar Apr May Jun Jul Aug Sep Oct Nov Dec
2018: Jan Feb Mar Apr May Jun Jul Aug Sep Oct Nov Dec
2017: Jan Feb Mar Apr May Jun Jul Aug Sep Oct Nov Dec
2016: Jan Feb Mar Apr May Jun Jul Aug Sep Oct Nov Dec
2015: Jan Feb Mar Apr May Jun Jul Aug Sep Oct Nov Dec

Report for 2019 January
                   Monthly Climatological Summary for Jan 2019

Name: Gisborne West   City: Poverty Bay   State: New Zealand
Elevation: 23 m  Lat: S 38° 38' 56"   Lon: E 177° 59' 31"

                  Temperature (°C), Rain (mm), Wind Speed (km/h)

                                      Heat  Cool        Avg
    Mean                              Deg   Deg         Wind                 Dom
Day Temp  High   Time   Low    Time   Days  Days  Rain  Speed High   Time    Dir
----------------------------------------------------------------------------------
 1  21.1  25.3   10:42  17.7   01:59   0.1   2.8   0.0   4.1  24.5   13:20     E
 2  23.4  31.4   14:30  15.8   05:01   0.4   5.6   0.0   6.1  31.7   13:24   WNW
 3  24.6  33.5   15:22  19.2   05:03   0.0   6.3   0.0   5.6  25.6   13:30   WNW
 4  21.3  27.8   10:21  15.1   06:05   0.3   3.3   0.0   8.6  42.8   12:42    SE
 5  21.6  29.5   14:23  12.9   06:06   0.9   4.3   0.0   6.3  30.6   14:26    NW
 6  24.2  32.3   11:23  17.4   23:46   0.0   6.0   0.0   7.1  27.0   13:49    NW
 7  22.7  32.3   10:27  15.5   02:56   0.4   4.8   0.0   5.4  25.6   13:08   ENE
 8  22.7  27.6   14:22  19.0   06:07   0.0   4.4   0.3   5.2  24.5   12:14    NE
 9  22.9  27.9   14:26  18.0   04:47   0.0   4.6   0.0   5.0  27.0   12:08   NNW
10  24.1  30.3   12:53  19.9   03:52   0.0   5.8   0.0  11.4  41.8   15:57    NW
11  25.2  33.2   15:12  18.1   06:14   0.0   6.9   0.0   7.5  28.1   17:59    NW
12  20.9  24.0   13:24  16.9   23:59   0.0   2.7   0.0   8.2  31.7   11:27   ENE
13  20.4  27.1   16:37  14.0   02:39   1.0   3.2   0.3   4.5  28.1   19:53   NNW
14  20.0  24.8   13:55  15.4   23:42   0.4   2.1   2.7   3.8  22.0   16:03     N
15  18.9  24.6   10:35  14.1   05:37   1.2   1.8   0.9   5.0  27.0   12:41   ENE
16  18.5  21.8   14:15  16.2   02:57   0.6   0.8  15.3   6.5  35.6   16:22    SE
17  21.1  25.5   12:51  16.6   06:05   0.3   3.1   9.0   8.2  33.1   15:45    SE
18  21.0  25.3   12:33  14.2   05:58   0.4   3.1   0.0   4.1  25.6   12:49     E
19  23.5  29.8   16:20  16.2   06:01   0.3   5.4   0.0   7.5  37.8   17:08    NW
20  22.6  23.3   00:48  22.6   02:18   0.0   4.3   0.0  17.8  31.7   00:18    NW
21  22.6  22.6   00:00  22.6   00:00   0.0   4.3   0.0  18.4  25.6   00:00    NW
22  22.6  22.6   00:00  22.6   00:00   0.0   4.3   0.0  18.4  25.6   00:00    NW
23  22.6  22.6   00:00  22.6   00:00   0.0   4.3   0.0  18.4  25.6   00:00    NW
24  22.6  22.6   00:00  22.6   00:00   0.0   4.3   0.0  18.4  25.6   00:00    NW
25  22.6  22.6   00:00  22.6   00:00   0.0   4.3   0.0  18.4  25.6   00:00    NW
26  22.6  22.6   00:00  22.6   00:00   0.0   4.3   0.0  18.4  25.6   00:00    NW
27  22.6  22.6   00:00  22.6   00:00   0.0   4.3   0.0  18.4  25.6   00:00    NW
28  25.1  35.5   14:01 -11.4   18:35   0.1   6.9   0.0  12.6  28.1   18:30    NW
29  23.0  29.5   09:31  18.3   06:48   0.0   4.7   0.0   5.2  31.7   13:31     E
30  21.8  28.6   15:24  15.5   06:03   0.5   4.0   0.0   4.7  25.6   12:59    NE
31  21.8  30.1   14:19  13.2   06:23   1.1   4.7   0.0   4.4  23.4   14:31    NE
----------------------------------------------------------------------------------
    22.3  35.5    28   -11.4    28     8.0 131.7  28.5   9.5  42.8     4      NW

Max >=  27.0: 16
Max <=   0.0:  0
Min <=   0.0:  1
Min <= -18.0:  0
Max Rain: 15.3 on day 16
Days of Rain: 6 (>= 0.2 mm)  3 (>= 2.0 mm)  0 (>= 20.0 mm)
Heat Base: 18.3  Cool Base: 18.3  Method: Integration