NOAA-Style Climate Reports

Select a Year or Month report
2019: Jan Feb Mar Apr May Jun Jul Aug Sep Oct Nov Dec
2018: Jan Feb Mar Apr May Jun Jul Aug Sep Oct Nov Dec
2017: Jan Feb Mar Apr May Jun Jul Aug Sep Oct Nov Dec
2016: Jan Feb Mar Apr May Jun Jul Aug Sep Oct Nov Dec
2015: Jan Feb Mar Apr May Jun Jul Aug Sep Oct Nov Dec

Report for 2019 February
                   Monthly Climatological Summary for Feb 2019

Name: Gisborne West   City: Poverty Bay   State: New Zealand
Elevation: 23 m  Lat: S 38° 38' 56"   Lon: E 177° 59' 31"

                  Temperature (°C), Rain (mm), Wind Speed (km/h)

                                      Heat  Cool        Avg
    Mean                              Deg   Deg         Wind                 Dom
Day Temp  High   Time   Low    Time   Days  Days  Rain  Speed High   Time    Dir
----------------------------------------------------------------------------------
 1  22.9  28.7   14:59  17.0   03:45   0.3   4.8   0.0   9.4  37.8   13:00    NW
 2  19.1  24.0   10:20  16.5   18:41   0.2   1.0   2.4   8.1  31.7   14:15   SSE
 3  18.8  24.2   15:28  13.3   22:52   0.9   1.4   0.0   6.3  27.0   11:54     E
 4  19.2  27.7   16:26   9.5   04:51   2.3   3.2   0.0   3.8  20.9   15:44    SE
 5  24.6  33.6   15:29  17.9   01:44   0.0   6.3   0.0   8.3  30.6   17:35    NW
 6  19.5  27.9   09:13  16.3   06:41   0.6   1.8   0.0  10.0  41.8   17:42    SE
 7  16.4  16.4   00:00  16.4   00:00   1.9   0.0   0.0  13.3  15.8   00:00    SE
 8  17.9  22.1   16:07  13.3   06:47   1.2   0.7   0.0   7.0  24.5   17:31    SE
 9  18.0  26.0   13:21   9.6   06:33   2.4   2.1   0.0   4.4  36.7   15:57    NE
10  17.5  22.2   12:39  13.1   06:54   1.5   0.7   0.0   4.5  27.0   15:36    SE
11  20.2  23.7   14:27  16.2   23:24   0.2   2.0   0.0   7.0  27.0   14:58    SE
12  14.3  16.4   00:00  14.1   05:35   4.0   0.0   0.0   0.9   5.0   06:09   WNW
13  14.1  14.1   00:00  14.1   00:00   4.2   0.0   0.0   1.1   2.5   00:00   WNW
14  17.9  31.9   17:13  14.1   00:00   3.0   2.7   0.0   2.8  27.0   22:10    NW
15  23.3  30.5   10:45  16.9   06:48   0.1   5.0   0.0   6.4  27.0   00:57   SSE
16  20.4  28.8   10:58  15.5   06:41   0.6   2.7   0.0   7.4  39.2   15:33   SSE
17  19.3  24.4   17:20  14.9   23:59   0.8   1.8   0.0   4.9  27.0   00:31    SE
18  21.5  31.4   14:35  13.5   01:46   1.1   4.2   0.0   5.6  33.1   14:55    SW
19  22.7  32.1   14:46  15.1   06:35   0.7   5.1   0.0   5.1  27.0   23:55   WNW
20  25.4  33.5   15:06  18.0   06:00   0.0   7.1   0.0  10.0  37.8   16:52   WNW
21  27.4  27.4   00:00  27.4   00:00   0.0   9.1   0.0  18.4  27.0   00:00    NW
22  27.4  27.4   00:00  27.4   00:00   0.0   9.1   0.0  18.4  27.0   00:00    NW
23  27.4  27.4   00:00  27.4   00:00   0.0   9.1   0.0  18.4  27.0   00:00    NW
24  27.4  27.4   00:00  27.4   00:00   0.0   9.1   0.0  18.4  27.0   00:00    NW
25  27.4  27.4   00:00  27.4   00:00   0.0   9.1   0.0  18.4  27.0   00:00    NW
26  23.7  27.4   00:00  11.6   23:50   0.8   6.1   0.0  13.0  27.0   00:00    NW
27  18.3  27.3   15:31   9.1   05:33   2.9   2.9   0.0   6.0  30.6   12:05    NW
28  16.1  17.4   00:00  12.0   23:52   2.2   0.0   0.0   4.6  27.0   07:30     S
----------------------------------------------------------------------------------
    21.0  33.6     5     9.1    27    31.9 107.1   2.4   8.6  41.8     6     WNW

Max >=  27.0: 17
Max <=   0.0:  0
Min <=   0.0:  0
Min <= -18.0:  0
Max Rain: 2.4 on day 2
Days of Rain: 1 (>= 0.2 mm)  1 (>= 2.0 mm)  0 (>= 20.0 mm)
Heat Base: 18.3  Cool Base: 18.3  Method: Integration