NOAA-Style Climate Reports

Select a Year or Month report
2019: Jan Feb Mar Apr May Jun Jul Aug Sep Oct Nov Dec
2018: Jan Feb Mar Apr May Jun Jul Aug Sep Oct Nov Dec
2017: Jan Feb Mar Apr May Jun Jul Aug Sep Oct Nov Dec
2016: Jan Feb Mar Apr May Jun Jul Aug Sep Oct Nov Dec
2015: Jan Feb Mar Apr May Jun Jul Aug Sep Oct Nov Dec

Report for 2019 April
                   Monthly Climatological Summary for Apr 2019

Name: Gisborne West   City: Poverty Bay   State: New Zealand
Elevation: 23 m  Lat: S 38° 38' 56"   Lon: E 177° 59' 31"

                  Temperature (°C), Rain (mm), Wind Speed (km/h)

                                      Heat  Cool        Avg
    Mean                              Deg   Deg         Wind                 Dom
Day Temp  High   Time   Low    Time   Days  Days  Rain  Speed High   Time    Dir
----------------------------------------------------------------------------------
 1  19.8  19.8   00:00  19.8   00:00   0.0   1.5   0.0   3.6   6.1   00:00    NW
 2  19.8  19.8   00:00  19.8   00:00   0.0   1.5   0.0   3.6   6.1   00:00    NW
 3  19.8  19.8   00:00  19.8   00:00   0.0   1.5   0.0   3.6   6.1   00:00    NW
 4  19.4  19.8   00:00  10.1   23:55   0.3   1.5   0.0   3.5   6.1   00:00    NW
 5  13.7  22.1   12:18   8.1   06:27   4.9   0.3   0.0   2.0  23.4   16:47    SE
 6  12.8  15.5   13:26  10.9   22:57   5.5   0.0   0.0   3.8  27.0   12:51   WSW
 7  13.5  20.3   13:23  10.5   05:27   5.1   0.1   0.0   3.6  22.0   15:08   WNW
 8  14.2  21.2   10:43   9.7   06:18   4.3   0.1   0.0   4.7  33.1   19:41     W
 9  15.7  21.6   12:11  11.3   06:26   3.3   0.6   0.0   3.4  22.0   11:22   SSW
10  12.9  12.9   00:00  12.9   00:00   5.3   0.0   0.0   0.0   0.0   00:00   ---
11  14.2  21.1   16:50  12.9   00:00   4.2   0.1   0.3   1.3  30.6   23:40    NW
12   1.5  15.4   00:00   0.0   02:03  16.8   0.0   0.3   1.3  41.8   00:14   WNW
13   0.0   0.0   00:00   0.0   00:00  18.3   0.0   0.0   0.0   0.0   00:00   ---
14   0.0   0.0   00:00   0.0   00:00  18.3   0.0   0.0   0.0   0.0   00:00   ---
15   0.0   0.0   00:00   0.0   00:00  18.4   0.0 585.6   1.2  24.5   23:04    NW
16   0.0   0.0   00:04   0.0   00:04  18.3   0.0   7.2   6.7  39.2   02:34     W
17   0.0   0.0   00:05   0.0   00:05  18.3   0.0   0.9   3.8  17.3   04:05   ENE
18   0.0   0.0   00:05   0.0   00:05  18.3   0.0   1.2   3.2  19.4   08:35     N
19   0.0   0.0   00:05   0.0   00:05  18.3   0.0   0.0   3.4  18.4   08:05     N
20   0.0   0.0   00:06   0.0   00:06  18.3   0.0   0.0   5.8  24.5   05:36   WNW
21   0.0   0.0   00:06   0.0   00:06  18.3   0.0   0.6  10.1  45.4   09:06   WNW
22   0.0   0.0   00:06   0.0   00:06  18.3   0.0   0.0   9.9  28.1   07:06   WSW
23   0.0   0.0   00:06   0.0   00:06  18.3   0.0   0.0   9.7  13.3   00:06     S
24  16.4  16.8   21:06   0.0   00:06  16.2   0.0   0.0   8.9  13.3   00:06     S
25  16.2  21.8   11:28  12.3   22:27   2.3   0.3   2.1   1.7  17.3   14:50   ENE
26  15.9  25.2   13:13  10.4   23:56   3.6   1.3   0.3   2.1  18.4   14:43     N
27  17.2  25.8   13:58   9.8   06:33   2.8   1.7   0.3   4.4  27.0   14:54    NW
28  18.2  24.0   12:20  15.2   19:30   0.8   0.7   0.0   4.7  27.0   12:15    NW
29  16.0  22.0   14:05   8.9   23:55   2.8   0.6   0.0   6.9  43.9   12:09   WNW
30   8.9   8.9   00:00   8.8   00:07   9.4   0.0   0.0   3.6   8.6   00:18   WNW
----------------------------------------------------------------------------------
     9.5  25.8    27     0.0    12   289.0  11.8 598.8   4.0  45.4    21       W

Max >=  27.0:  0
Max <=   0.0: 11
Min <=   0.0: 13
Min <= -18.0:  0
Max Rain: 585.6 on day 15
Days of Rain: 10 (>= 0.2 mm)  3 (>= 2.0 mm)  1 (>= 20.0 mm)
Heat Base: 18.3  Cool Base: 18.3  Method: Integration