NOAA-Style Climate Reports

Select a Year or Month report
2021: Jan Feb Mar Apr May Jun Jul Aug Sep Oct Nov Dec
2020: Jan Feb Mar Apr May Jun Jul Aug Sep Oct Nov Dec
2019: Jan Feb Mar Apr May Jun Jul Aug Sep Oct Nov Dec
2018: Jan Feb Mar Apr May Jun Jul Aug Sep Oct Nov Dec
2017: Jan Feb Mar Apr May Jun Jul Aug Sep Oct Nov Dec
2016: Jan Feb Mar Apr May Jun Jul Aug Sep Oct Nov Dec
2015: Jan Feb Mar Apr May Jun Jul Aug Sep Oct Nov Dec

Report for 2019 June
                   Monthly Climatological Summary for Jun 2019

Name: Gisborne West   City: Poverty Bay   State: New Zealand
Elevation: 23 m  Lat: S 38° 38' 56"   Lon: E 177° 59' 31"

                  Temperature (°C), Rain (mm), Wind Speed (km/h)

                                      Heat  Cool        Avg
    Mean                              Deg   Deg         Wind                 Dom
Day Temp  High   Time   Low    Time   Days  Days  Rain  Speed High   Time    Dir
----------------------------------------------------------------------------------
 1  12.1  15.6   14:17   9.1   20:05   6.8   0.0   0.0  10.6  35.6   00:02    NW
 2  10.2  12.7   14:30   8.9   01:35   8.1   0.0   0.3  10.1  39.2   11:48   WSW
 3   8.4  15.7   14:33   3.1   21:36   9.9   0.0   0.0   4.7  28.1   11:00   WSW
 4   3.1   3.1   00:00   3.1   00:00  15.2   0.0   0.0   1.1   2.5   00:00    NW
 5   3.1   3.1   00:00   3.1   00:00  15.2   0.0   0.0   1.1   2.5   00:00    NW
 6   3.1   3.1   00:00   3.1   00:00  17.1   0.0   0.0   0.5   2.5   00:00    NW
 7   0.0   0.0   00:21   0.0   00:21  18.3   0.0   0.0   0.0   0.0   00:21   ---
 8  12.5  19.6   13:40   0.0   00:21  12.3   0.0   1.8   4.8  43.9   16:25   SSW
 9  11.5  17.5   15:49   7.7   06:22   6.8   0.0   0.0   6.3  29.5   23:38     W
10  12.5  18.0   13:34   9.9   19:11   5.8   0.0   0.0   5.9  33.1   01:50   WNW
11  12.6  18.6   13:03   9.9   00:00   5.7   0.0   0.0   4.6  30.6   13:21    NW
12  13.9  16.5   10:26  12.1   00:00   4.4   0.0  22.5   1.4   9.7   09:38   WNW
13  15.1  15.1   00:00  15.1   00:00   3.2   0.0  30.9   3.3  34.2   18:34   ENE
14  15.1  15.1   00:00  15.1   00:00   3.2   0.0   7.2   4.1  29.5   18:03   ESE
15  15.1  15.1   00:00  15.1   00:00   3.2   0.0   0.3   3.4  19.4   12:10    NW
16  15.1  15.1   00:00  15.1   00:00   3.2   0.0   0.3   2.1   9.7   00:01    NW
17  15.1  15.1   00:00  15.1   00:00   3.2   0.0   0.0   2.5   5.0   00:00    NW
18  15.1  15.1   00:00  15.1   00:00   3.2   0.0   0.0   2.5   5.0   00:00    NW
19  15.1  15.1   00:00  15.1   00:00   3.2   0.0   0.3   2.3   5.0   00:00    NW
20  15.1  15.1   00:00  15.1   00:00   3.2   0.0   0.0   3.3  22.0   17:30    NW
21  15.1  15.1   00:00  15.1   00:00   3.2   0.0   0.0   2.1  24.5   15:59   WNW
22  15.1  15.1   00:00  15.1   00:00   3.2   0.0   1.5   2.0  19.4   14:17     E
23  15.1  15.1   00:00  15.1   00:00   3.2   0.0   3.0   3.1  15.8   08:36   WNW
24  15.1  15.1   00:00  15.1   00:00   3.2   0.0   0.3   3.8  22.0   15:21   WSW
25  15.1  15.1   00:00  15.1   00:00   3.2   0.0   0.9   3.5  19.4   14:37   WNW
26  14.5  15.1   00:00   8.1   21:53   3.8   0.0   0.0   2.0  11.2   00:37    NW
27  10.0  15.6   11:09   5.6   18:58   8.3   0.0   0.0   1.9  14.8   14:59     W
28   5.6   5.6   00:00   5.6   00:00  12.7   0.0   0.3   2.5  14.8   09:21   WNW
29   5.6   5.6   00:00   5.6   00:00  12.7   0.0   0.0   2.4  24.5   15:37   WNW
30   5.6   5.6   00:00   5.6   00:00  12.9   0.0   0.0   0.2   6.1   22:50    NW
----------------------------------------------------------------------------------
    11.4  19.6     8     0.0     7   217.6   0.0  69.6   3.3  43.9     8     WNW

Max >=  27.0:  0
Max <=   0.0:  1
Min <=   0.0:  2
Min <= -18.0:  0
Max Rain: 30.9 on day 13
Days of Rain: 13 (>= 0.2 mm)  4 (>= 2.0 mm)  2 (>= 20.0 mm)
Heat Base: 18.3  Cool Base: 18.3  Method: Integration