NOAA-Style Climate Reports

Select a Year or Month report
2021: Jan Feb Mar Apr May Jun Jul Aug Sep Oct Nov Dec
2020: Jan Feb Mar Apr May Jun Jul Aug Sep Oct Nov Dec
2019: Jan Feb Mar Apr May Jun Jul Aug Sep Oct Nov Dec
2018: Jan Feb Mar Apr May Jun Jul Aug Sep Oct Nov Dec
2017: Jan Feb Mar Apr May Jun Jul Aug Sep Oct Nov Dec
2016: Jan Feb Mar Apr May Jun Jul Aug Sep Oct Nov Dec
2015: Jan Feb Mar Apr May Jun Jul Aug Sep Oct Nov Dec

Report for 2019 August
                   Monthly Climatological Summary for Aug 2019

Name: Gisborne West   City: Poverty Bay   State: New Zealand
Elevation: 23 m  Lat: S 38° 38' 56"   Lon: E 177° 59' 31"

                  Temperature (°C), Rain (mm), Wind Speed (km/h)

                                      Heat  Cool        Avg
    Mean                              Deg   Deg         Wind                 Dom
Day Temp  High   Time   Low    Time   Days  Days  Rain  Speed High   Time    Dir
----------------------------------------------------------------------------------
 1   8.4  14.1   13:43   4.6   23:07   9.9   0.0   0.0   6.2  39.2   10:39    SW
 2  10.6  17.3   13:51   2.2   05:53   7.7   0.0   0.9  10.5  54.0   13:18   WNW
 3  10.3  16.1   15:03   4.2   21:30   8.0   0.0   0.0   6.8  61.2   08:06   WSW
 4  12.0  18.7   14:05   7.8   23:11   6.3   0.0   2.7   8.8  55.1   14:38   WNW
 5   6.2   7.8   00:00   5.5   07:13  12.1   0.0   0.0   5.1  17.3   06:46    NW
 6   5.5   5.5   00:00   5.5   00:00  12.8   0.0   0.0   7.2  14.8   00:00    NW
 7   5.5   5.5   00:00   5.5   00:00  12.8   0.0   0.0   7.2  14.8   00:00    NW
 8   5.5   5.5   00:00   5.5   00:00  12.8   0.0   0.0   7.2  14.8   00:00    NW
 9   5.5   5.5   00:00   5.5   00:00  12.8   0.0   0.0   7.2  14.8   00:00    NW
10   5.5   5.5   00:00   5.5   00:00  12.8   0.0   0.0   7.2  14.8   00:00    NW
11   6.0  14.5   22:19   5.5   00:00  12.3   0.0   7.2   7.4  36.7   22:39    NW
12  13.3  18.1   12:27  11.1   03:30   5.0   0.0   0.3  10.7  34.2   11:32    NW
13  13.2  18.1   13:48  10.0   23:00   5.1   0.0   0.0   9.9  52.6   15:00   WNW
14  11.2  16.8   10:07   6.2   07:09   7.1   0.0   0.0   7.6  35.6   15:07    NW
15   8.6  14.4   12:56   2.5   23:35   9.7   0.0   0.0   3.0  18.4   13:46   WSW
16   9.4  17.7   14:48   1.0   07:05   8.9   0.0   0.0   6.3  33.1   12:52     N
17  12.7  17.8   12:27   8.0   23:59   5.6   0.0   1.8   9.7  40.3   12:46    NW
18   9.0  12.4   13:18   7.1   09:16   9.3   0.0   4.5  11.4  42.8   08:59     N
19   8.1  15.5   13:00   3.4   06:49  10.2   0.0   0.0   3.9  24.5   00:49     N
23  11.2  14.6   14:25   6.9   00:00   5.6   0.0   0.0   6.0  20.9   07:35     N
24  14.4  14.4   00:00  14.4   00:00   3.9   0.0   0.0   6.1   8.6   00:00     N
25  14.3  14.4   00:00  11.2   23:54   4.0   0.0  14.4   6.2  13.3   23:54     N
26  14.0  20.1   14:27   9.2   23:02   4.5   0.1   0.0  10.7  43.9   10:53     N
27   9.8  16.6   10:23   3.9   23:54   8.5   0.0   0.0   4.7  31.7   14:41     N
28   9.5  18.4   12:53   3.6   02:14   8.8   0.0   0.3   3.8  19.4   14:06     N
29  11.4  19.5   12:58   4.1   04:41   7.0   0.1   0.0   5.9  28.1   13:47     N
30  12.9  21.9   12:10   5.9   06:51   5.6   0.2   6.3   3.8  19.4   14:15     N
31  10.6  16.3   12:02   3.2   23:34   7.7   0.0   0.0   4.1  30.6   14:40    NW
----------------------------------------------------------------------------------
     9.8  21.9    30     1.0    16   236.8   0.4  38.4   7.0  61.2     3      NW

Max >=  27.0:  0
Max <=   0.0:  0
Min <=   0.0:  0
Min <= -18.0:  0
Max Rain: 14.4 on day 25
Days of Rain: 9 (>= 0.2 mm)  5 (>= 2.0 mm)  0 (>= 20.0 mm)
Heat Base: 18.3  Cool Base: 18.3  Method: Integration