NOAA-Style Climate Reports

Select a Year or Month report
2021: Jan Feb Mar Apr May Jun Jul Aug Sep Oct Nov Dec
2020: Jan Feb Mar Apr May Jun Jul Aug Sep Oct Nov Dec
2019: Jan Feb Mar Apr May Jun Jul Aug Sep Oct Nov Dec
2018: Jan Feb Mar Apr May Jun Jul Aug Sep Oct Nov Dec
2017: Jan Feb Mar Apr May Jun Jul Aug Sep Oct Nov Dec
2016: Jan Feb Mar Apr May Jun Jul Aug Sep Oct Nov Dec
2015: Jan Feb Mar Apr May Jun Jul Aug Sep Oct Nov Dec

Report for 2019 September
                   Monthly Climatological Summary for Sep 2019

Name: Gisborne West   City: Poverty Bay   State: New Zealand
Elevation: 23 m  Lat: S 38° 38' 56"   Lon: E 177° 59' 31"

                  Temperature (°C), Rain (mm), Wind Speed (km/h)

                                      Heat  Cool        Avg
    Mean                              Deg   Deg         Wind                 Dom
Day Temp  High   Time   Low    Time   Days  Days  Rain  Speed High   Time    Dir
----------------------------------------------------------------------------------
 1  12.0  22.3   14:15   3.1   06:18   6.8   0.5   0.0   6.1  27.0   16:31     N
 2  13.3  20.4   11:48   7.1   21:51   5.1   0.1   0.0   5.9  24.5   13:26     N
 3  12.2  16.6   11:02   7.6   06:33   6.1   0.0   1.2   4.9  25.6   12:46     N
 4  15.5  18.0   15:07  13.0   00:00   2.8   0.0   8.4  13.1  61.2   10:30    NW
 5  17.2  22.9   11:58  12.3   23:54   1.8   0.7   0.9   4.0  33.1   02:21   WNW
 6  11.0  12.5   10:38   9.8   03:23   7.3   0.0   6.9   4.1  27.0   11:56   NNW
 7  10.5  16.2   14:43   3.5   23:57   7.8   0.0   0.0   9.3  47.9   08:29     N
 8   7.1  13.8   14:38   1.7   05:53  11.2   0.0   2.4   2.7  22.0   17:21     N
 9   8.1  10.5   11:30   7.0   21:50  10.2   0.0   9.0   4.5  23.4   08:45   NNW
10   8.6  12.4   11:46   5.5   23:45   9.6   0.0   0.9   2.9  20.9   18:21    NW
11   9.9  20.2   13:01   3.2   03:55   8.4   0.0   0.3   4.7  33.1   15:01     N
12  11.1  19.6   11:56   3.4   06:10   7.2   0.0   0.0   3.2  23.4   14:16    NW
13  14.2  21.8   13:46   6.8   06:06   4.7   0.6   0.0   8.5  37.8   15:14     N
14  14.8  21.1   13:57   8.5   06:45   3.9   0.4   0.0   7.1  30.6   14:16     N
15  13.9  19.8   14:46   8.7   05:17   4.6   0.1   0.6   8.1  36.7   13:57     N
16  13.4  20.2   14:24   6.7   05:41   5.3   0.3   0.0   6.2  27.0   23:32     N
17  15.3  22.3   15:08  12.2   23:31   3.5   0.4   0.0  12.9  36.7   03:16     N
18  11.8  17.4   13:14   5.2   23:35   6.5   0.0   0.9   4.7  30.6   04:49     N
19  11.4  20.9   13:18   4.2   02:52   6.9   0.1   0.0   3.6  99.0   23:50     N
20  11.7  16.3   12:05   7.4   00:00   6.6   0.0   0.0  29.7  99.0   00:00   NNW
21  12.3  16.2   11:59   9.6   06:13   6.0   0.0   0.3   8.7  25.6   12:35     N
22  13.4  13.4   00:00  13.4   00:00   4.9   0.0   0.0  11.2  18.4   00:00     N
23  12.7  21.4   12:58   2.9   05:34   5.9   0.4   0.0   6.8  30.6   13:01     N
24  14.3  19.6   11:18   7.6   23:39   4.1   0.1  10.2  11.7  47.9   10:55     N
25  12.4  17.8   13:34   7.6   00:07   5.9   0.0   0.3  11.5  43.9   10:51     N
26  11.6  16.5   16:41   7.7   06:11   6.7   0.0   0.3   8.6  30.6   01:22     N
27  12.9  17.8   14:43   7.6   23:54   5.4   0.0   1.5   5.5  36.7   14:58    NW
28   9.5  18.7   17:48   6.7   02:22  10.2   0.0   0.3   3.9  24.5   23:46     N
29  16.2  24.3   15:54  10.3   04:54   3.1   1.1   0.0   9.2  27.0   10:18     N
30  16.5  21.2   13:13  13.1   06:34   2.3   0.4   2.1  11.7  58.7   14:21     N
----------------------------------------------------------------------------------
    12.5  24.3    29     1.7     8   180.8   5.2  46.5   7.8  99.0    19       N

Max >=  27.0:  0
Max <=   0.0:  0
Min <=   0.0:  0
Min <= -18.0:  0
Max Rain: 10.2 on day 24
Days of Rain: 17 (>= 0.2 mm)  6 (>= 2.0 mm)  0 (>= 20.0 mm)
Heat Base: 18.3  Cool Base: 18.3  Method: Integration