NOAA-Style Climate Reports

Select a Year or Month report
2021: Jan Feb Mar Apr May Jun Jul Aug Sep Oct Nov Dec
2020: Jan Feb Mar Apr May Jun Jul Aug Sep Oct Nov Dec
2019: Jan Feb Mar Apr May Jun Jul Aug Sep Oct Nov Dec
2018: Jan Feb Mar Apr May Jun Jul Aug Sep Oct Nov Dec
2017: Jan Feb Mar Apr May Jun Jul Aug Sep Oct Nov Dec
2016: Jan Feb Mar Apr May Jun Jul Aug Sep Oct Nov Dec
2015: Jan Feb Mar Apr May Jun Jul Aug Sep Oct Nov Dec

Report for 2019 October
                   Monthly Climatological Summary for Oct 2019

Name: Gisborne West   City: Poverty Bay   State: New Zealand
Elevation: 23 m  Lat: S 38° 38' 56"   Lon: E 177° 59' 31"

                  Temperature (°C), Rain (mm), Wind Speed (km/h)

                                      Heat  Cool        Avg
    Mean                              Deg   Deg         Wind                 Dom
Day Temp  High   Time   Low    Time   Days  Days  Rain  Speed High   Time    Dir
----------------------------------------------------------------------------------
 1  14.2  19.3   14:08   7.3   23:54   4.2   0.0   0.9   7.3  33.1   14:43     N
 2  11.3  19.1   15:37   6.6   00:34   7.0   0.0   2.7   8.8  43.9   19:56     N
 3  10.8  16.2   14:53   7.4   00:00   7.5   0.0   0.6  12.5  55.1   00:58     N
 4  11.1  14.7   17:23   5.4   06:11   7.2   0.0   0.0   4.1  18.4   10:13     N
 5  10.5  10.5   00:00  10.5   00:00   7.8   0.0   0.0   2.5   5.0   00:00     N
 6  11.6  14.7   10:22   9.2   07:47   6.7   0.0   3.6   5.0  20.9   06:50     N
 7  12.6  12.6   00:00  12.6   00:00   5.7   0.0   0.0   6.1   9.7   00:00     N
 8  12.6  12.6   00:00  12.6   00:00   5.7   0.0   0.0   6.1   9.7   00:00     N
 9  12.6  12.6   00:00  12.6   00:00   5.7   0.0   0.0   6.1   9.7   00:00     N
10  12.6  12.6   00:00  12.6   00:00   5.7   0.0   0.0   6.1   9.7   00:00     N
11  12.6  12.6   00:00  12.6   00:00   5.7   0.0   0.0   6.1   9.7   00:00     N
12  12.6  12.6   00:00  12.6   00:00   5.7   0.0   0.0   6.1   9.7   00:00     N
13  12.6  12.6   00:00  12.6   00:00   5.7   0.0   0.0   6.1   9.7   00:00     N
14  12.6  12.6   00:00  12.6   00:00   8.1   0.0   0.0   5.0   9.7   00:00     N
15  17.6  19.6   16:29   0.0   00:13  11.7   0.0  75.3   4.3  25.6   15:49     N
16  18.0  18.0   00:00  18.0   00:00   0.3   0.0   0.0  11.2  17.3   00:00     N
----------------------------------------------------------------------------------
    12.9  19.6    15     0.0    15   100.4   0.0  83.1   6.5  55.1     3       N

Max >=  27.0:  0
Max <=   0.0:  0
Min <=   0.0:  1
Min <= -18.0:  0
Max Rain: 75.3 on day 15
Days of Rain: 5 (>= 0.2 mm)  3 (>= 2.0 mm)  1 (>= 20.0 mm)
Heat Base: 18.3  Cool Base: 18.3  Method: Integration