NOAA-Style Climate Reports

Select a Year or Month report
2021: Jan Feb Mar Apr May Jun Jul Aug Sep Oct Nov Dec
2020: Jan Feb Mar Apr May Jun Jul Aug Sep Oct Nov Dec
2019: Jan Feb Mar Apr May Jun Jul Aug Sep Oct Nov Dec
2018: Jan Feb Mar Apr May Jun Jul Aug Sep Oct Nov Dec
2017: Jan Feb Mar Apr May Jun Jul Aug Sep Oct Nov Dec
2016: Jan Feb Mar Apr May Jun Jul Aug Sep Oct Nov Dec
2015: Jan Feb Mar Apr May Jun Jul Aug Sep Oct Nov Dec

Report for 2019 November
                   Monthly Climatological Summary for Nov 2019

Name: Gisborne West   City: Poverty Bay   State: New Zealand
Elevation: 23 m  Lat: S 38° 38' 56"   Lon: E 177° 59' 31"

                  Temperature (°C), Rain (mm), Wind Speed (km/h)

                                      Heat  Cool        Avg
    Mean                              Deg   Deg         Wind                 Dom
Day Temp  High   Time   Low    Time   Days  Days  Rain  Speed High   Time    Dir
----------------------------------------------------------------------------------
 1  11.6  16.9   11:04   5.3   04:34   6.7   0.0   0.0   7.9  28.1   11:34     N
 2  13.2  18.7   13:34   7.9   04:04   5.1   0.0   0.0   7.0  31.7   12:04     N
 3  19.0  29.9   10:34   8.6   01:04   3.1   3.7   0.0   4.4  19.4   15:04     N
 4  18.5  29.7   14:05   8.8   06:05   3.1   3.3   0.0   3.4  17.3   14:35     N
 5  21.7  33.3   13:35  12.6   06:05   1.7   5.1   0.0   4.5  33.1   15:05     N
 6  19.8  30.3   13:35  13.8   05:35   0.9   2.5   0.0   5.0  18.4   09:35     N
 7  22.4  30.3   15:05  14.8   00:05   0.5   4.6   0.0   6.0  28.1   13:05     N
 8  19.8  26.4   12:35  16.6   05:35   1.4   4.7   0.0   9.3  30.6   10:05     N
 9  20.1  26.4   16:36   0.0   00:05   3.2   4.9   0.0   4.9  17.3   16:36     N
10  20.6  26.4   00:06  14.0   05:36   0.3   3.7   0.3   9.6  40.3   13:36     N
11  18.0  23.5   13:36  12.4   22:36   1.7   1.2  14.4   8.2  39.2   11:06     N
12  11.8  16.8   13:36   8.6   23:06   6.5   0.0  30.0   4.0  18.4   15:36     N
13  15.2  22.6   15:36   6.2   06:06   4.1   1.0   0.0   7.8  27.0   16:06     N
14  18.6  24.5   16:06  14.7   01:06   1.3   1.6   0.0  14.1  34.2   14:36     N
15  17.9  23.8   14:37  13.0   05:06   1.8   1.4   0.0  10.0  34.2   11:06     N
16  18.3  26.0   16:07  11.3   03:37   1.9   1.9   0.0  10.3  33.1   14:07     N
17  19.6  24.2   16:07  15.7   05:37   0.4   1.9   0.0  10.9  33.1   17:37     N
18  18.2  23.6   12:37  13.9   23:37   0.7   1.0   1.2   9.3  30.6   12:07     N
19  16.8  24.1   15:07   9.4   06:07   2.6   1.2   0.0   6.9  24.5   16:37     N
20  18.0  24.0   15:07  12.2   04:37   1.8   1.4   0.0   8.3  29.5   11:37     N
21  15.7  19.6   10:51   9.5   23:16   2.7   0.0   0.0   9.4  31.7   04:05     N
22  16.8  26.5   13:18   6.7   05:24   3.9   2.4   0.0   3.5  22.0   15:51     N
23  18.8  29.2   10:29  12.4   01:26   1.9   2.4   0.0   5.9  35.6   14:25     N
24  18.7  28.7   16:24  10.2   05:44   2.1   2.5   0.0   3.9  20.9   14:30     N
25  17.0  20.1   13:43  14.1   05:39   1.5   0.2   0.0   5.9  28.1   12:03     N
26  18.8  25.6   16:42  10.5   05:38   1.7   2.2   0.0   4.4  25.6   15:30     N
27  23.9  31.5   15:07  17.2   05:27   0.1   5.7   0.0   9.1  29.5   21:20     N
28  23.1  30.7   12:13  17.3   05:45   0.1   4.9   0.0   8.1  31.7   20:50     N
29  21.5  28.4   16:55  15.9   23:26   0.2   3.4   0.0   5.2  25.6   01:25     N
30  19.0  23.3   14:04  16.5   23:57   0.5   1.2   0.0   5.2  25.6   16:20     N
----------------------------------------------------------------------------------
    18.4  33.3     5     0.0     9    63.5  70.0  45.9   7.1  40.3    10       N

Max >=  27.0: 10
Max <=   0.0:  0
Min <=   0.0:  1
Min <= -18.0:  0
Max Rain: 30.0 on day 12
Days of Rain: 4 (>= 0.2 mm)  2 (>= 2.0 mm)  1 (>= 20.0 mm)
Heat Base: 18.3  Cool Base: 18.3  Method: Integration