NOAA-Style Climate Reports

Select a Year or Month report
2021: Jan Feb Mar Apr May Jun Jul Aug Sep Oct Nov Dec
2020: Jan Feb Mar Apr May Jun Jul Aug Sep Oct Nov Dec
2019: Jan Feb Mar Apr May Jun Jul Aug Sep Oct Nov Dec
2018: Jan Feb Mar Apr May Jun Jul Aug Sep Oct Nov Dec
2017: Jan Feb Mar Apr May Jun Jul Aug Sep Oct Nov Dec
2016: Jan Feb Mar Apr May Jun Jul Aug Sep Oct Nov Dec
2015: Jan Feb Mar Apr May Jun Jul Aug Sep Oct Nov Dec

Report for 2019 December
                   Monthly Climatological Summary for Dec 2019

Name: Gisborne West   City: Poverty Bay   State: New Zealand
Elevation: 23 m  Lat: S 38° 38' 56"   Lon: E 177° 59' 31"

                  Temperature (°C), Rain (mm), Wind Speed (km/h)

                                      Heat  Cool        Avg
    Mean                              Deg   Deg         Wind                 Dom
Day Temp  High   Time   Low    Time   Days  Days  Rain  Speed High   Time    Dir
----------------------------------------------------------------------------------
 1  20.1  26.0   14:21  13.0   05:48   1.1   2.9   0.0   6.8  36.7   16:37     N
 2  21.2  26.9   16:56  16.5   05:26   0.3   3.2   0.0   5.6  31.7   12:25     N
 3  21.0  26.5   15:02  17.1   23:58   0.1   2.9   2.4  11.5  60.1   15:05     N
 4  20.9  26.8   15:13  14.1   04:25   0.6   3.2   0.0  10.2  45.4   12:24     N
 5  22.1  28.4   17:02  12.6   05:31   0.7   4.5   0.0   7.8  36.7   13:19     N
 6  22.8  28.8   14:02  17.5   04:34   0.0   4.5   0.0  10.8  42.8   16:42     N
 7  22.4  27.6   11:06  16.0   02:34   0.4   4.5   0.0   7.3  41.8   10:04     N
 8  23.3  28.6   13:37  16.9   23:30   0.1   5.1   3.9   9.7  47.9   15:14     N
 9  17.6  21.7   14:14  14.0   22:58   1.1   0.3   5.1   4.6  27.0   14:28     N
10  16.3  19.7   14:04  12.7   02:24   2.1   0.1   8.4  10.9  37.8   11:34     N
11  14.9  19.5   13:42  11.0   05:26   3.4   0.0   3.9   5.3  25.6   14:09     N
12  17.0  21.9   14:44   7.5   06:58   1.8   0.5   7.5   5.4  28.1   16:31     N
13  21.2  30.1   15:27  14.0   03:41   1.0   4.0   0.0   6.4  37.8   19:14     N
14  21.2  28.4   16:53  16.3   22:38   0.1   3.1   0.0   8.3  35.6   11:11     N
15  20.5  27.2   14:38  13.7   05:35   0.7   2.9   0.0   8.3  39.2   17:22     N
16  21.0  26.6   16:26  18.1   03:04   0.0   2.7   0.0   4.7  34.2   16:32     N
17  22.4  29.6   13:13  18.5   04:36   0.0   4.1   4.8   8.2  39.2   15:54     N
18  17.2  23.5   11:38  12.1   23:06   1.9   0.8   0.9   9.6  51.5   13:45     N
19  18.2  26.4   15:08  10.1   05:07   2.4   2.3   0.3   9.3  37.8   19:26     N
20  18.4  23.8   14:02  12.4   23:46   1.3   1.4   2.4  13.0  51.5   08:48     N
21  14.8  18.4   13:54  11.7   05:51   3.5   0.0   2.4   9.9  39.2   15:20     N
22  15.3  19.8   17:38  10.4   04:43   3.0   0.0   0.0   7.0  27.0   14:54     N
23  16.1  21.3   14:09  10.5   04:39   2.7   0.5   8.7   5.6  35.6   17:05     N
24  17.4  21.6   16:19  14.5   23:40   1.6   0.7   8.7   4.4  28.1   13:27     N
25  15.9  18.3   10:43  13.8   04:56   2.4   0.0   0.3   2.5  19.4   16:47     N
26  16.7  20.5   16:23  14.1   05:50   1.9   0.2  18.6   5.4  25.6   13:26     N
27  20.6  27.7   14:30  13.1   04:52   1.2   3.5   0.0   7.0  36.7   16:10     N
----------------------------------------------------------------------------------
    19.1  30.1    13     7.5    12    35.4  57.9  78.3   7.6  60.1     3       N

Max >=  27.0:  9
Max <=   0.0:  0
Min <=   0.0:  0
Min <= -18.0:  0
Max Rain: 18.6 on day 26
Days of Rain: 15 (>= 0.2 mm)  12 (>= 2.0 mm)  0 (>= 20.0 mm)
Heat Base: 18.3  Cool Base: 18.3  Method: Integration