NOAA-Style Climate Reports

Select a Year or Month report
2021: Jan Feb Mar Apr May Jun Jul Aug Sep Oct Nov Dec
2020: Jan Feb Mar Apr May Jun Jul Aug Sep Oct Nov Dec
2019: Jan Feb Mar Apr May Jun Jul Aug Sep Oct Nov Dec
2018: Jan Feb Mar Apr May Jun Jul Aug Sep Oct Nov Dec
2017: Jan Feb Mar Apr May Jun Jul Aug Sep Oct Nov Dec
2016: Jan Feb Mar Apr May Jun Jul Aug Sep Oct Nov Dec
2015: Jan Feb Mar Apr May Jun Jul Aug Sep Oct Nov Dec

Report for 2020
                   Annual Climatological Summary for 2020

Name: Gisborne West   City: Poverty Bay   State: New Zealand
Elevation: 23 m  Lat: S 38° 38' 56"   Lon: E 177° 59' 31"

                  Temperature (°C), Heat Base: 18.3  Cool Base: 18.3
                          Dep.  Heat  Cool                       Max  Max  Min  Min
        Mean  Mean        From  Deg   Deg                        >=   <=   <=   <=
 YR MO  Max   Min   Mean  Norm  Days  Days  Hi  Date  Low  Date 27.0  0.0  0.0 -18.0
------------------------------------------------------------------------------------
 20  1  20.0  16.8  18.4   0.0    52    57  32.1  12  11.5   10    3    0    0    0
 20  2  17.2  15.6  16.6   0.0    80    16  30.4  29   0.0   23    3    0    1    0
 20  3  18.6  11.3  14.3   0.0   151    27  32.8   3   6.6   19    6    0    0    0
 20  4  16.1  12.3  13.9   0.0   154    22  31.8  28   9.9   23    3    0    0    0
 20  5  15.0  11.9  13.0   0.0   164     0  21.5  22   5.0   21    0    0    0    0
 20  6  20.9  11.0  15.6   0.0   137    41  30.4  24   0.0    3    9    4    5    0
 20  7  15.3  10.3  12.4   0.0   199    16  31.8   5   1.7   25    4    0    0    0
 20  8  10.9   8.7   9.6   0.0   280     9  31.8  10   1.8    1    2    0    0    0
 20  9   7.8   7.8   7.8   0.0   314     0   7.8   1   7.8    1    0    0    0    0
 20 10   7.8   7.8   7.8   0.0   325     0   7.8   1   7.8    1    0    0    0    0
 20 11  21.4  15.8  18.2   0.0    63    61  27.5   7   7.8    1    3    0    0    0
 20 12
------------------------------------------------------------------------------------
        15.5  11.8  13.4   0.0  1925   253  32.8 Mar   0.0  Feb   33    4    6    0

                                Precipitation (mm)

              Dep.   Max        Days of Rain
              From   Obs.           >=
 YR MO Total  Norm   Day Date  0.2  2.0 20.0
---------------------------------------------
 20  1  44.7   0.0   9.3  18    12    6    0
 20  2   0.0   0.0   0.0   0     0    0    0
 20  3   3.0   0.0   1.8  28     3    0    0
 20  4  11.1   0.0   8.7  30     2    2    0
 20  5  44.7   0.0   9.3   4    12    8    0
 20  6 221.1   0.0 174.0   7     7    5    1
 20  7  29.4   0.0   9.0  10     7    5    0
 20  8  27.0   0.0   9.0  16     6    4    0
 20  9   0.0   0.0   0.0   0     0    0    0
 20 10   0.0   0.0   0.0   0     0    0    0
 20 116630.6   0.01296.0  10    10   10    9
 20 12
---------------------------------------------
      7011.6   0.01296.0  Nov   59   40   10

                                Wind Speed (km/h)
                          Dom
 YR MO   Avg.  Hi   Date  Dir
------------------------------
 20  1   7.3  42.8    2   NNW
 20  2   3.9  42.8    8   NNW
 20  3   1.9  39.2   17     N
 20  4   2.3  31.7   22   NNW
 20  5   3.1  34.2    3   NNW
 20  6   5.5  41.8   12     N
 20  7   5.3  40.3   23   NNW
 20  8   3.0  34.2   15   NNW
 20  9   0.0   1.1    1   ---
 20 10   0.0   1.1    1   ---
 20 11   0.6  42.8    6   NNW
 20 12
------------------------------
         3.0  42.8  Jan   NNW