NOAA-Style Climate Reports

Select a Year or Month report
2021: Jan Feb Mar Apr May Jun Jul Aug Sep Oct Nov Dec
2020: Jan Feb Mar Apr May Jun Jul Aug Sep Oct Nov Dec
2019: Jan Feb Mar Apr May Jun Jul Aug Sep Oct Nov Dec
2018: Jan Feb Mar Apr May Jun Jul Aug Sep Oct Nov Dec
2017: Jan Feb Mar Apr May Jun Jul Aug Sep Oct Nov Dec
2016: Jan Feb Mar Apr May Jun Jul Aug Sep Oct Nov Dec
2015: Jan Feb Mar Apr May Jun Jul Aug Sep Oct Nov Dec

Report for 2020 January
                   Monthly Climatological Summary for Jan 2020

Name: Gisborne West   City: Poverty Bay   State: New Zealand
Elevation: 23 m  Lat: S 38° 38' 56"   Lon: E 177° 59' 31"

                  Temperature (°C), Rain (mm), Wind Speed (km/h)

                                      Heat  Cool        Avg
    Mean                              Deg   Deg         Wind                 Dom
Day Temp  High   Time   Low    Time   Days  Days  Rain  Speed High   Time    Dir
----------------------------------------------------------------------------------
 2  20.7  26.7   17:22  14.9   05:03   0.6   3.2   0.0   8.3  42.8   13:22     N
 3  24.6  24.6   00:00  24.6   00:00   0.0   6.3   0.0   8.6  12.2   00:00     N
 4  24.6  24.6   00:00  24.6   00:00   0.0   6.3   0.0   8.6  12.2   00:00     N
 5  24.6  24.6   00:00  24.6   00:00   0.0   6.3   0.0   8.6  12.2   00:00     N
 6  24.6  24.6   00:00  24.6   00:00   0.0   6.3   0.0   8.6  12.2   00:00     N
 7  24.6  24.6   00:00  24.6   00:00   0.0   6.3   0.0   8.6  12.2   00:00     N
 8  23.7  24.6   00:00  14.4   23:45   0.3   5.7   0.0   8.0  12.2   00:00     N
 9  17.2  24.4   14:07  12.1   06:03   2.3   1.2   2.4   3.6  27.0   14:42    NW
10  17.7  23.4   09:44  11.5   04:27   2.1   1.6   0.0   5.1  28.1   14:10    NW
11  21.0  30.3   14:58  12.3   02:18   1.9   4.6   0.0   4.4  27.0   14:58     N
12  23.5  32.1   15:22  16.8   05:11   0.2   5.4   0.0  11.7  35.6   20:03   NNW
13  22.0  30.2   11:56  15.9   23:51   0.1   3.8   0.6   9.1  33.1   00:37    NW
14  15.8  16.1   00:16  15.8   00:00   2.5   0.0   8.1   8.3  30.6   14:13    NW
15  15.8  15.8   00:00  15.8   00:00   2.5   0.0   0.3   6.7  33.1   20:43   WNW
16  15.8  15.8   00:00  15.8   00:00   2.5   0.0   1.8   9.5  37.8   13:43   WNW
17  15.8  15.8   00:00  15.8   00:00   2.5   0.0   0.9  10.0  34.2   12:15    NW
18  15.8  15.8   00:00  15.8   00:00   2.5   0.0   9.3   8.1  30.6   14:16    NW
19  15.8  15.8   00:00  15.8   00:00   2.5   0.0   4.5   8.1  29.5   14:31     N
20  15.8  15.8   00:00  15.8   00:00   2.5   0.0   1.5   8.5  27.0   14:29     N
21  15.8  15.8   00:00  15.8   00:00   2.5   0.0   0.0   4.0  22.0   14:39    NW
22  15.8  15.8   00:00  15.8   00:00   2.5   0.0   0.0   3.6  27.0   15:39     N
23  15.8  15.8   00:00  15.8   00:00   2.5   0.0   0.0   7.1  24.5   12:18     N
24  15.8  15.8   00:00  15.8   00:00   2.5   0.0   0.0   4.9  27.0   16:12   NNW
25  15.8  15.8   00:00  15.8   00:00   2.5   0.0   0.0   4.4  22.0   14:15   NNW
26  15.8  15.8   00:00  15.8   00:00   2.5   0.0   0.0   4.5  24.5   13:13    NW
----------------------------------------------------------------------------------
    19.0  32.1    12    11.5    10    40.0  57.0  29.4   7.2  42.8     2     NNW

Max >=  27.0:  3
Max <=   0.0:  0
Min <=   0.0:  0
Min <= -18.0:  0
Max Rain: 9.3 on day 18
Days of Rain: 9 (>= 0.2 mm)  4 (>= 2.0 mm)  0 (>= 20.0 mm)
Heat Base: 18.3  Cool Base: 18.3  Method: Integration