NOAA-Style Climate Reports

Select a Year or Month report
2021: Jan Feb Mar Apr May Jun Jul Aug Sep Oct Nov Dec
2020: Jan Feb Mar Apr May Jun Jul Aug Sep Oct Nov Dec
2019: Jan Feb Mar Apr May Jun Jul Aug Sep Oct Nov Dec
2018: Jan Feb Mar Apr May Jun Jul Aug Sep Oct Nov Dec
2017: Jan Feb Mar Apr May Jun Jul Aug Sep Oct Nov Dec
2016: Jan Feb Mar Apr May Jun Jul Aug Sep Oct Nov Dec
2015: Jan Feb Mar Apr May Jun Jul Aug Sep Oct Nov Dec

Report for 2020 February
                   Monthly Climatological Summary for Feb 2020

Name: Gisborne West   City: Poverty Bay   State: New Zealand
Elevation: 23 m  Lat: S 38° 38' 56"   Lon: E 177° 59' 31"

                  Temperature (°C), Rain (mm), Wind Speed (km/h)

                                      Heat  Cool        Avg
    Mean                              Deg   Deg         Wind                 Dom
Day Temp  High   Time   Low    Time   Days  Days  Rain  Speed High   Time    Dir
----------------------------------------------------------------------------------
 1  15.8  15.8   00:13  15.8   00:13   2.5   0.0   0.0   3.2  15.8   22:13    NW
 2  15.8  15.8   00:13  15.8   00:13   2.5   0.0   0.0   6.8  22.0   21:14     N
 3  15.8  15.8   00:14  15.8   00:14   2.6   0.0   0.0   3.9  19.4   00:14    NW
 4  15.8  15.8   00:17  15.8   00:17   2.5   0.0   0.0   3.4  19.4   20:17     N
 5  15.8  15.8   00:17  15.8   00:17   2.5   0.0   0.0   6.7  22.0   16:48     N
 6  15.8  15.8   00:18  15.8   00:18   2.5   0.0   0.0   3.6  28.1   13:37     N
 7  15.8  15.8   00:00  15.8   00:00   2.5   0.0   0.0   7.7  31.7   15:08   WNW
 8  15.8  15.8   00:00  15.8   00:00   2.5   0.0   0.0   9.6  42.8   13:12   NNW
 9  15.8  15.8   00:00  15.8   00:00   2.5   0.0   0.0   6.6  31.7   03:38   NNW
10  15.8  15.8   00:00  15.8   00:00   2.5   0.0   0.0   4.9  31.7   12:44     N
11  15.8  15.8   00:00  15.8   00:00   2.5   0.0   0.0   6.1  29.5   15:13     N
12  15.8  15.8   00:00  15.8   00:00   2.5   0.0   0.0   3.2  20.9   14:53   WNW
13  15.8  15.8   00:00  15.8   00:00   2.5   0.0   0.0   7.1  27.0   09:12     N
14  15.8  15.8   00:00  15.8   00:00   2.5   0.0   0.0   5.0   7.2   00:00     N
15  15.8  15.8   00:00  15.8   00:00   2.6   0.0   0.0   4.6  11.2   22:50     N
16  15.8  15.8   00:00  15.8   00:00   2.5   0.0   0.0   4.1  25.6   16:33     N
17  15.8  15.8   00:00  15.8   00:00   2.5   0.0   0.0   5.5  28.1   09:25     N
18  15.8  15.8   00:00  15.8   00:00   2.5   0.0   0.0   0.9  15.8   01:57     N
19  15.8  15.8   00:00  15.8   00:00   2.5   0.0   0.0   0.0   2.5   00:00   ---
20  15.8  15.8   00:00  15.8   00:00   2.5   0.0   0.0   0.0   2.5   00:00   ---
21  15.8  15.8   00:00  15.8   00:00   2.5   0.0   0.0   0.0   2.5   00:00   ---
----------------------------------------------------------------------------------
    15.8  15.8     1    15.8     1    52.7   0.0   0.0   4.4  42.8     8     NNW

Max >=  27.0:  0
Max <=   0.0:  0
Min <=   0.0:  0
Min <= -18.0:  0
Max Rain: 0.0 on day 0
Days of Rain: 0 (>= 0.2 mm)  0 (>= 2.0 mm)  0 (>= 20.0 mm)
Heat Base: 18.3  Cool Base: 18.3  Method: Integration