NOAA-Style Climate Reports


Report for 2020 April
                   Monthly Climatological Summary for Apr 2020

Name: Gisborne West   City: Poverty Bay   State: New Zealand
Elevation: 23 m  Lat: S 38° 38' 56"   Lon: E 177° 59' 31"

                  Temperature (°C), Rain (mm), Wind Speed (km/h)

                                      Heat  Cool        Avg
    Mean                              Deg   Deg         Wind                 Dom
Day Temp  High   Time   Low    Time   Days  Days  Rain  Speed High   Time    Dir
----------------------------------------------------------------------------------
 1  11.6  11.6   00:00  11.6   00:00   6.7   0.0   0.0   0.0   0.0   00:00   ---
 2  11.6  11.6   00:00  11.6   00:00   6.7   0.0   0.0   0.0   0.0   00:00   ---
 3  11.6  11.6   00:00  11.6   00:00   6.7   0.0   0.0   0.0   0.0   00:00   ---
 4  11.6  11.6   00:00  11.6   00:00   6.7   0.0   0.0   0.0   0.0   00:00   ---
 5  11.6  11.6   00:00  11.6   00:00   7.0   0.0   0.0   0.0   0.0   00:00   ---
 6  11.6  11.6   00:00  11.6   00:00   6.7   0.0   0.0   0.0   0.0   00:00   ---
 7  11.6  11.6   00:00  11.6   00:00   6.7   0.0   0.0   0.0   0.0   00:00   ---
 8  11.6  11.6   00:00  11.6   00:00   6.7   0.0   0.0   0.0   0.0   00:00   ---
 9  11.6  11.6   00:00  11.6   00:00   6.7   0.0   0.0   0.0   0.0   00:00   ---
10  11.6  11.6   00:00  11.6   00:00   6.7   0.0   0.0   0.0   0.0   00:00   ---
11  11.6  11.6   00:00  11.6   00:00   6.7   0.0   0.0   0.0   0.0   00:00   ---
12  11.6  11.6   00:00  11.6   00:00   6.7   0.0   0.0   0.0   0.0   00:00   ---
13  11.6  11.6   00:00  11.6   00:00   6.7   0.0   0.0   0.0   0.0   00:00   ---
14  11.6  11.6   00:00  11.6   00:00   6.7   0.0   0.0   0.0   0.0   00:00   ---
15  11.6  11.6   00:00  11.6   00:00   6.7   0.0   0.0   0.0   0.0   00:00   ---
16  11.6  11.6   00:00  11.6   00:00   6.7   0.0   0.0   0.0   0.0   00:00   ---
17  11.6  11.6   00:00  11.6   00:00   6.7   0.0   0.0   0.0   0.0   00:00   ---
18  11.6  11.6   00:00  11.6   00:00   6.7   0.0   0.0   0.0   0.0   00:00   ---
19  11.6  11.6   00:00  11.6   00:00   6.7   0.0   0.0   0.0   0.0   00:00   ---
20  11.6  11.6   00:00  11.6   00:00   6.7   0.0   0.0   0.0   0.0   00:00   ---
----------------------------------------------------------------------------------
    11.6  11.6     1    11.6     1   134.3   0.0   0.0   0.0   0.0     0     ---

Max >=  27.0:  0
Max <=   0.0:  0
Min <=   0.0:  0
Min <= -18.0:  0
Max Rain: 0.0 on day 0
Days of Rain: 0 (>= 0.2 mm)  0 (>= 2.0 mm)  0 (>= 20.0 mm)
Heat Base: 18.3  Cool Base: 18.3  Method: Integration