NOAA-Style Climate Reports


Report for 2022
                   Annual Climatological Summary for 2022

Name: Gisborne West   City: Poverty Bay   State: New Zealand
Elevation: 23 m  Lat: S 38° 38' 56"   Lon: E 177° 59' 31"

                  Temperature (°C), Heat Base: 18.3  Cool Base: 18.3
                          Dep.  Heat  Cool                       Max  Max  Min  Min
        Mean  Mean        From  Deg   Deg                        >=   <=   <=   <=
 YR MO  Max   Min   Mean  Norm  Days  Days  Hi  Date  Low  Date 27.0  0.0  0.0 -18.0
------------------------------------------------------------------------------------
 22  1  25.6  14.8  20.2   0.0    27    84  33.0   9   9.1   29   11    0    0    0
 22  2  26.8  20.0  23.2   0.0    12   148  33.0  12  10.1   16   20    0    0    0
 22  3  22.5  13.3  17.5   0.0    64    33  28.1   1   0.0   20    2    0    1    0
 22  4  22.3  10.5  15.9   0.0    98    25  27.7  20   4.8   23    3    0    0    0
 22  5  22.2   8.6  14.1   0.0   144    13  27.4  19   0.0   23    3    0    1    0
 22  6   4.6   1.9   3.0   0.0   367     1  25.6   1   0.0   12    0   18   19    0
 22  7  10.2   9.1   9.6   0.0   274     0  22.8   9   0.0    1    0    7    8    0
 22  8  12.2  12.2  12.2   0.0   114     0  12.2   1  12.2    1    0    0    0    0
 22  9  12.2  12.2  12.2   0.0   182     0  12.2   1  12.2    1    0    0    0    0
 22 10  12.2  12.2  12.2   0.0   189     0  12.2   1  12.2    1    0    0    0    0
 22 11  12.2  12.2  12.2   0.0   128     0  12.2   1  12.2    1    0    0    0    0
 22 12
------------------------------------------------------------------------------------
        16.6  11.5  13.8   0.0  1602   306  33.0 Jan   0.0  Mar   39   25   29    0

                                Precipitation (mm)

              Dep.   Max        Days of Rain
              From   Obs.           >=
 YR MO Total  Norm   Day Date  0.2  2.0 20.0
---------------------------------------------
 22  1  34.5   0.0  12.3  26    10    5    0
 22  2  85.5   0.0  40.2  11     6    5    2
 22  3 246.3   0.0  78.3  23    19   10    3
 22  4  81.9   0.0  63.0  13    15    4    1
 22  5  55.2   0.0  15.3  10    18    5    0
 22  6  22.8   0.0   9.9   3     5    3    0
 22  79439.5   0.09439.5   8     1    1    1
 22  8   0.0   0.0   0.0   0     0    0    0
 22  9   0.0   0.0   0.0   0     0    0    0
 22 10   0.0   0.0   0.0   0     0    0    0
 22 11   0.0   0.0   0.0   0     0    0    0
 22 12
---------------------------------------------
      9965.7   0.09439.5  Jul   74   33    7

                                Wind Speed (km/h)
                          Dom
 YR MO   Avg.  Hi   Date  Dir
------------------------------
 22  1   6.1  42.8   13   SSE
 22  2   4.4  66.2   13    NW
 22  3   6.8  43.9   28   SSE
 22  4   4.6  69.8   13    SW
 22  5   5.3  52.6   11    NW
 22  6   1.1  41.8    1    NW
 22  7   5.7  43.9    9    SE
 22  8   7.2   8.6    1    SE
 22  9   7.2   8.6    1    SE
 22 10   7.2   8.6    1    SE
 22 11   7.2   8.6    1    SE
 22 12
------------------------------
         5.7  69.8  Apr   SSE