NOAA-Style Climate Reports

Select a Year or Month report
2021: Jan Feb Mar Apr May Jun Jul Aug Sep Oct Nov Dec
2020: Jan Feb Mar Apr May Jun Jul Aug Sep Oct Nov Dec
2019: Jan Feb Mar Apr May Jun Jul Aug Sep Oct Nov Dec
2018: Jan Feb Mar Apr May Jun Jul Aug Sep Oct Nov Dec
2017: Jan Feb Mar Apr May Jun Jul Aug Sep Oct Nov Dec
2016: Jan Feb Mar Apr May Jun Jul Aug Sep Oct Nov Dec
2015: Jan Feb Mar Apr May Jun Jul Aug Sep Oct Nov Dec

Report for 2021 April
                   Monthly Climatological Summary for Apr 2021

Name: Gisborne West   City: Poverty Bay   State: New Zealand
Elevation: 23 m  Lat: S 38° 38' 56"   Lon: E 177° 59' 31"

                  Temperature (°C), Rain (mm), Wind Speed (km/h)

                                      Heat  Cool        Avg
    Mean                              Deg   Deg         Wind                 Dom
Day Temp  High   Time   Low    Time   Days  Days  Rain  Speed High   Time    Dir
----------------------------------------------------------------------------------
 3  19.1  21.9   00:00   9.0   23:56   1.5   2.4   0.3   0.7   8.6   15:24     W
 4  16.7  24.9   14:45   6.1   05:57   3.8   2.2   2.7   9.4  39.2   18:04    NW
 5  20.4  30.5   13:48  14.5   06:17   1.0   3.1   0.0   8.7  34.2   00:08    NW
 6  18.2  27.1   11:25  11.3   06:02   2.3   2.2   0.0   3.7  19.4   13:20     E
 7  16.8  22.3   14:44  11.7   05:03   2.3   0.8   0.0   4.9  28.1   12:00    SE
 8  17.3  24.7   11:35  11.8   23:59   2.1   1.1   0.0   3.0  18.4   12:13   NNE
 9  11.1  11.9   00:26  11.1   01:41   7.2   0.0   0.0   0.1   3.6   00:23   NNE
10  11.1  11.1   00:00  11.1   00:00   7.2   0.0   0.0   0.0   0.0   00:00   ---
11  17.7  29.7   12:53  11.1   00:00   4.0   2.8 993.6   2.8  20.9   16:42     N
12  20.5  30.3   13:32  14.6   05:54   0.9   3.1   1.5   3.0  15.8   14:05     N
13  22.1  29.0   14:17  16.5   23:57   0.0   3.9   0.0   5.4  29.5   13:23   NNW
14  15.9  24.6   13:14   9.4   23:18   3.3   0.9   0.3   4.1  28.1   14:27    NW
15  16.4  24.1   14:49   9.2   05:50   2.9   1.0   0.0   6.7  30.6   15:42    NW
16  19.2  26.0   14:01  13.7   06:04   1.2   2.1   0.0   7.7  28.1   15:57    NW
17  15.4  21.1   08:55  10.2   23:49   3.0   0.1   1.2   8.0  33.1   13:00   WSW
18  13.4  22.3   13:43   7.8   04:03   5.3   0.5   0.0   4.3  19.4   18:29     N
19  14.4  22.3   16:21   7.8   01:49   5.3   0.7   0.0   6.7  33.1   14:18   NNW
20  15.5  21.9   13:41   8.7   06:13   3.4   0.6   0.0   2.8  14.8   14:34   NNE
21  17.9  26.0   16:05  13.6   22:34   1.6   1.2  42.0   4.5  25.6   13:42   WNW
22  15.8  21.5   14:01  10.6   21:34   2.9   0.5   0.0   3.7  20.9   14:43    SE
23  16.1  25.8   15:01   8.6   07:05   3.5   1.3   0.0   4.7  20.9   10:54   NNW
24  16.5  26.5   13:00  10.8   23:38   2.9   1.1   0.9   3.4  22.0   14:17   ENE
25  14.6  21.9   12:27   9.7   06:46   4.4   0.7   0.0   4.2  18.4   09:29    NW
26  14.7  22.8   12:57   9.9   06:18   4.1   0.5   0.0   5.5  25.6   13:13    NW
27  10.6  10.6   00:00  10.6   00:00   7.7   0.0   0.0   5.0   6.1   00:00   NNW
28  10.1  10.6   00:00   6.5   23:36   8.2   0.0   2.7   4.3   6.1   00:00   NNW
29  11.4  23.9   13:15   2.8   06:47   7.2   0.3   0.0   3.2  18.4   14:47     N
30  12.9  23.9   14:00   5.9   05:28   6.1   0.6   0.0   3.1  17.3   14:39     N
----------------------------------------------------------------------------------
    15.8  30.5     5     2.8    29   105.3  33.71045.2   4.5  39.2     4     NNW

Max >=  27.0:  5
Max <=   0.0:  0
Min <=   0.0:  0
Min <= -18.0:  0
Max Rain: 993.6 on day 11
Days of Rain: 9 (>= 0.2 mm)  4 (>= 2.0 mm)  2 (>= 20.0 mm)
Heat Base: 18.3  Cool Base: 18.3  Method: Integration