NOAA-Style Climate Reports


Report for 2021 May
                   Monthly Climatological Summary for May 2021

Name: Gisborne West   City: Poverty Bay   State: New Zealand
Elevation: 23 m  Lat: S 38° 38' 56"   Lon: E 177° 59' 31"

                  Temperature (°C), Rain (mm), Wind Speed (km/h)

                                      Heat  Cool        Avg
    Mean                              Deg   Deg         Wind                 Dom
Day Temp  High   Time   Low    Time   Days  Days  Rain  Speed High   Time    Dir
----------------------------------------------------------------------------------
 1  13.8  17.1   11:48   9.1   00:00   4.5   0.0   0.9  11.0  37.8   04:13   SSW
 2  11.8  17.3   14:12   6.8   21:16   6.5   0.0   0.0   5.4  25.6   15:30     W
 3  13.0  19.2   15:08   7.2   01:47   5.3   0.0   1.5   4.2  15.8   04:13    NW
 4  14.1  21.7   13:49   6.5   06:50   4.7   0.5   0.0   4.5  25.6   13:28   NNW
 5  12.5  23.6   13:53   5.5   05:07   6.4   0.7   0.0   3.0  15.8   10:03   NNW
 6  13.0  22.1   11:26   6.6   01:02   5.6   0.3   0.0   4.3  23.4   12:30   ESE
 7  14.1  19.5   10:45  10.7   06:43   4.2   0.0   0.0   2.9  23.4   11:00   ESE
 8  14.5  20.9   13:10   9.6   03:00   4.1   0.3   0.0   1.7  11.2   10:48   NNW
23  23.6  41.8   23:07   9.8   00:53   5.2   0.614931.0   0.0   5.0   00:21    NE
24  17.1  42.2   06:34   0.0   03:19   3.0   6.813954.0  33.6  92.2   05:48    SE
25  13.9  16.4   11:25  11.5   22:01   4.4   0.0   5.1  21.0  51.5   16:01    SE
26  13.0  15.8   12:30  10.4   20:49   5.3   0.0   1.5   9.9  39.2   13:17    SE
27  12.5  16.1   11:58  10.6   22:48   5.7   0.0   3.3   8.3  29.5   02:07     S
28  11.5  19.9   14:12   4.7   06:30   6.8   0.1   0.0   4.8  19.4   14:41   NNW
29   9.1  12.3   20:07   4.5   03:37   9.2   0.0  15.3   2.0  14.8   20:07   NNW
30  11.8  19.0   13:25   7.5   06:41   6.6   0.0   0.9   3.4  27.0   13:14   NNW
31  10.6  18.0   12:07   5.3   07:05   7.7   0.0   0.0   3.3  14.8   13:49   NNW
----------------------------------------------------------------------------------
    13.5  42.2    24     0.0    24    95.2   9.328914.0   7.6  92.2    24     SSE

Max >=  27.0:  2
Max <=   0.0:  0
Min <=   0.0:  1
Min <= -18.0:  0
Max Rain: 14931.0 on day 23
Days of Rain: 9 (>= 0.2 mm)  5 (>= 2.0 mm)  2 (>= 20.0 mm)
Heat Base: 18.3  Cool Base: 18.3  Method: Integration